{"version":"1.0","provider_name":"Infocentro","provider_url":"https:\/\/www.infocentro.gob.ve","author_name":"Yaneth Fernandez","author_url":"https:\/\/www.infocentro.gob.ve\/index.php\/author\/yaneth-fernandez\/","title":"Reuni\u00f3n para la Planificaci\u00f3n de Jornada Tecnol\u00f3gica - Infocentro","type":"rich","width":600,"height":338,"html":"<blockquote class=\"wp-embedded-content\" data-secret=\"H3dkTXZ0I2\"><a href=\"https:\/\/www.infocentro.gob.ve\/index.php\/reunion-para-la-planificacion-de-jornada-tecnologica\/\">Reuni\u00f3n para la Planificaci\u00f3n de Jornada Tecnol\u00f3gica<\/a><\/blockquote><iframe sandbox=\"allow-scripts\" security=\"restricted\" src=\"https:\/\/www.infocentro.gob.ve\/index.php\/reunion-para-la-planificacion-de-jornada-tecnologica\/embed\/#?secret=H3dkTXZ0I2\" width=\"600\" height=\"338\" title=\"\u00abReuni\u00f3n para la Planificaci\u00f3n de Jornada Tecnol\u00f3gica\u00bb \u2014 Infocentro\" data-secret=\"H3dkTXZ0I2\" frameborder=\"0\" marginwidth=\"0\" marginheight=\"0\" scrolling=\"no\" class=\"wp-embedded-content\"><\/iframe><script type=\"text\/javascript\">\n\/* <![CDATA[ *\/\n\/*! This file is auto-generated *\/\n!function(d,l){\"use strict\";l.querySelector&&d.addEventListener&&\"undefined\"!=typeof URL&&(d.wp=d.wp||{},d.wp.receiveEmbedMessage||(d.wp.receiveEmbedMessage=function(e){var t=e.data;if((t||t.secret||t.message||t.value)&&!\/[^a-zA-Z0-9]\/.test(t.secret)){for(var s,r,n,a=l.querySelectorAll('iframe[data-secret=\"'+t.secret+'\"]'),o=l.querySelectorAll('blockquote[data-secret=\"'+t.secret+'\"]'),c=new RegExp(\"^https?:$\",\"i\"),i=0;i<o.length;i++)o[i].style.display=\"none\";for(i=0;i<a.length;i++)s=a[i],e.source===s.contentWindow&&(s.removeAttribute(\"style\"),\"height\"===t.message?(1e3<(r=parseInt(t.value,10))?r=1e3:~~r<200&&(r=200),s.height=r):\"link\"===t.message&&(r=new URL(s.getAttribute(\"src\")),n=new URL(t.value),c.test(n.protocol))&&n.host===r.host&&l.activeElement===s&&(d.top.location.href=t.value))}},d.addEventListener(\"message\",d.wp.receiveEmbedMessage,!1),l.addEventListener(\"DOMContentLoaded\",function(){for(var e,t,s=l.querySelectorAll(\"iframe.wp-embedded-content\"),r=0;r<s.length;r++)(t=(e=s[r]).getAttribute(\"data-secret\"))||(t=Math.random().toString(36).substring(2,12),e.src+=\"#?secret=\"+t,e.setAttribute(\"data-secret\",t)),e.contentWindow.postMessage({message:\"ready\",secret:t},\"*\")},!1)))}(window,document);\n\/\/# sourceURL=https:\/\/www.infocentro.gob.ve\/wp-includes\/js\/wp-embed.min.js\n\/* ]]> *\/\n<\/script>\n","thumbnail_url":"https:\/\/www.infocentro.gob.ve\/wp-content\/uploads\/2026\/01\/1000898551-scaled.jpg","thumbnail_width":2560,"thumbnail_height":1928,"description":"En el Infocentro Casa Comunal Juan Osuna Paredes Las Acacias, se llev\u00f3 a cabo una reuni\u00f3n entre la Coordinadora Pedag\u00f3gica de la Escuela T\u00e9cnica Genoveva Montero de Vega y la facilitadora de la Fundaci\u00f3n Infocentro, con el prop\u00f3sito de planificar una Jornada Tecnol\u00f3gica centrada en las \u00e1reas de Rob\u00f3tica y Astronom\u00eda. Durante el encuentro, se acord\u00f3 organizar una serie de talleres de formaci\u00f3n dirigidos a estudiantes, docentes y miembros de la comunidad, con el objetivo de fomentar el inter\u00e9s por la ciencia y la tecnolog\u00eda. Se busca adem\u00e1s la participaci\u00f3n activa de las distintas instituciones educativas y comunitarias que hacen vida en la Parroquia El Amparo, perteneciente a la Parroquia Tovar del Municipio Tovar del Estado Bolivariano de M\u00e9rida. Se estableci\u00f3 que la Escuela Bolivariana Juan Pic\u00f3n Gonz\u00e1lez ser\u00e1 la sede principal para el desarrollo de esta jornada, la cual se proyecta como un espacio de intercambio de saberes, innovaci\u00f3n y fortalecimiento del tejido institucional y comunitario. Prensa Infocentro M\u00e9rida | Ana Chac\u00f3n"}

Reunión para la Planificación de Jornada Tecnológica - Infocentro

<blockquote class="wp-embedded-content" data-secret="H3dkTXZ0I2"><a href="https://www.infocentro.gob.ve/index.php/reunion-para-la-planificacion-de-jornada-tecnologica/">Reunión para la Planificación de Jornada Tecnológica</a></blockquote><iframe sandbox="allow-scripts" security="restricted" src="https://www.infocentro.gob.ve/index.php/reunion-para-la-planificacion-de-jornada-tecnologica/embed/#?secret=H3dkTXZ0I2" width="600" height="338" title="«Reunión para la Planificación de Jornada Tecnológica» — Infocentro" data-secret="H3dkTXZ0I2" frameborder="0" marginwidth="0" marginheight="0" scrolling="no" class="wp-embedded-content"></iframe><script type="text/javascript">
/* <![CDATA[ */
/*! This file is auto-generated */
!function(d,l){"use strict";l.querySelector&&d.addEventListener&&"undefined"!=typeof URL&&(d.wp=d.wp||{},d.wp.receiveEmbedMessage||(d.wp.receiveEmbedMessage=function(e){var t=e.data;if((t||t.secret||t.message||t.value)&&!/[^a-zA-Z0-9]/.test(t.secret)){for(var s,r,n,a=l.querySelectorAll('iframe[data-secret="'+t.secret+'"]'),o=l.querySelectorAll('blockquote[data-secret="'+t.secret+'"]'),c=new RegExp("^https?:$","i"),i=0;i<o.length;i++)o[i].style.display="none";for(i=0;i<a.length;i++)s=a[i],e.source===s.contentWindow&&(s.removeAttribute("style"),"height"===t.message?(1e3<(r=parseInt(t.value,10))?r=1e3:~~r<200&&(r=200),s.height=r):"link"===t.message&&(r=new URL(s.getAttribute("src")),n=new URL(t.value),c.test(n.protocol))&&n.host===r.host&&l.activeElement===s&&(d.top.location.href=t.value))}},d.addEventListener("message",d.wp.receiveEmbedMessage,!1),l.addEventListener("DOMContentLoaded",function(){for(var e,t,s=l.querySelectorAll("iframe.wp-embedded-content"),r=0;r<s.length;r++)(t=(e=s[r]).getAttribute("data-secret"))||(t=Math.random().toString(36).substring(2,12),e.src+="#?secret="+t,e.setAttribute("data-secret",t)),e.contentWindow.postMessage({message:"ready",secret:t},"*")},!1)))}(window,document);
//# sourceURL=https://www.infocentro.gob.ve/wp-includes/js/wp-embed.min.js
/* ]]> */
</script>

En el Infocentro Casa Comunal Juan Osuna Paredes Las Acacias, se llevó a cabo una reunión entre la Coordinadora Pedagógica de la Escuela Técnica Genoveva Montero de Vega y la facilitadora de la Fundación Infocentro, con el propósito de planificar una Jornada Tecnológica centrada en las áreas de Robótica y Astronomía. Durante el encuentro, se acordó organizar una serie de talleres de formación dirigidos a estudiantes, docentes y miembros de la comunidad, con el objetivo de fomentar el interés por la ciencia y la tecnología. Se busca además la participación activa de las distintas instituciones educativas y comunitarias que hacen vida en la Parroquia El Amparo, perteneciente a la Parroquia Tovar del Municipio Tovar del Estado Bolivariano de Mérida. Se estableció que la Escuela Bolivariana Juan Picón González será la sede principal para el desarrollo de esta jornada, la cual se proyecta como un espacio de intercambio de saberes, innovación y fortalecimiento del tejido institucional y comunitario. Prensa Infocentro Mérida | Ana Chacón
