{"version":"1.0","provider_name":"Infocentro","provider_url":"https:\/\/www.infocentro.gob.ve","author_name":"Osmar Ruiz","author_url":"https:\/\/www.infocentro.gob.ve\/index.php\/author\/osmar-ruiz\/","title":"Infocentro Pedro Camejo en Ofensiva - Infocentro","type":"rich","width":600,"height":338,"html":"<blockquote class=\"wp-embedded-content\" data-secret=\"DwTyjjnuX8\"><a href=\"https:\/\/www.infocentro.gob.ve\/index.php\/infocentro-pedro-camejo-en-ofensiva\/\">Infocentro Pedro Camejo en Ofensiva<\/a><\/blockquote><iframe sandbox=\"allow-scripts\" security=\"restricted\" src=\"https:\/\/www.infocentro.gob.ve\/index.php\/infocentro-pedro-camejo-en-ofensiva\/embed\/#?secret=DwTyjjnuX8\" width=\"600\" height=\"338\" title=\"\u00abInfocentro Pedro Camejo en Ofensiva\u00bb \u2014 Infocentro\" data-secret=\"DwTyjjnuX8\" frameborder=\"0\" marginwidth=\"0\" marginheight=\"0\" scrolling=\"no\" class=\"wp-embedded-content\"><\/iframe><script type=\"text\/javascript\">\n\/* <![CDATA[ *\/\n\/*! This file is auto-generated *\/\n!function(d,l){\"use strict\";l.querySelector&&d.addEventListener&&\"undefined\"!=typeof URL&&(d.wp=d.wp||{},d.wp.receiveEmbedMessage||(d.wp.receiveEmbedMessage=function(e){var t=e.data;if((t||t.secret||t.message||t.value)&&!\/[^a-zA-Z0-9]\/.test(t.secret)){for(var s,r,n,a=l.querySelectorAll('iframe[data-secret=\"'+t.secret+'\"]'),o=l.querySelectorAll('blockquote[data-secret=\"'+t.secret+'\"]'),c=new RegExp(\"^https?:$\",\"i\"),i=0;i<o.length;i++)o[i].style.display=\"none\";for(i=0;i<a.length;i++)s=a[i],e.source===s.contentWindow&&(s.removeAttribute(\"style\"),\"height\"===t.message?(1e3<(r=parseInt(t.value,10))?r=1e3:~~r<200&&(r=200),s.height=r):\"link\"===t.message&&(r=new URL(s.getAttribute(\"src\")),n=new URL(t.value),c.test(n.protocol))&&n.host===r.host&&l.activeElement===s&&(d.top.location.href=t.value))}},d.addEventListener(\"message\",d.wp.receiveEmbedMessage,!1),l.addEventListener(\"DOMContentLoaded\",function(){for(var e,t,s=l.querySelectorAll(\"iframe.wp-embedded-content\"),r=0;r<s.length;r++)(t=(e=s[r]).getAttribute(\"data-secret\"))||(t=Math.random().toString(36).substring(2,12),e.src+=\"#?secret=\"+t,e.setAttribute(\"data-secret\",t)),e.contentWindow.postMessage({message:\"ready\",secret:t},\"*\")},!1)))}(window,document);\n\/\/# sourceURL=https:\/\/www.infocentro.gob.ve\/wp-includes\/js\/wp-embed.min.js\n\/* ]]> *\/\n<\/script>\n","thumbnail_url":"https:\/\/www.infocentro.gob.ve\/wp-content\/uploads\/2022\/11\/3A.jpg","thumbnail_width":1500,"thumbnail_height":780,"description":"InfoPrensa Apure.- Contin\u00faan los trabajos de recuperaci\u00f3n de los espacios en los infocentro Cunaviche, municipio Pedro Camejo, Muhammad Ali y Mega Infocentro, ambos ubicados en el municipio San Fernando. El Plan Nacional de Infocentro en Ofensiva que consiste en impulsar los procesos para el mantenimiento f\u00edsico, tecnol\u00f3gico y digital para mejorar la atenci\u00f3n de nuestras comunidades y los movimientos sociales que all\u00ed hacen vida. Se realiz\u00f3 entrega de los materiales y equipos para la rehabilitaci\u00f3n integral de dichos Infocentros, de esta manera se cumplen las orientaciones del presidente de la Fundaci\u00f3n Infocentro Luis La Rosa, conjuntamente con el coordinador estadal de la red Infocentro del estado Apure Kenis Mejia, quien vienen realizando una excelente gesti\u00f3n, atendiendo el llamado de la ministra Gabriela Jim\u00e9nez de activar todos los espacios con tecnolog\u00eda de vanguardia al alcance del pueblo. Cabe destacar que se ha observado el buen recibimiento de estas gestiones, por parte de las comunidades y la recuperaci\u00f3n de los espacios que ha permito la conformaci\u00f3n de brigadas de autoconstrucci\u00f3n, con el fin de colaborar con las obras, se ha recibido el apoyo de instituciones aliadas, del gobernador del estado Eduardo Pi\u00f1ate y del secretario de asuntos fronterizos Jos\u00e9 Cabrera. Este proceso ha estado acompa\u00f1ado con un conjunto de actividades estadales y comunitarias para el repensar de la Fundaci\u00f3n Infocentro, a trav\u00e9s de conversatorios comunitarios para compartir las necesidades de aprendizaje tecnol\u00f3gico, la utilidad de sus infocentros y sus propuestas para fortalecer y mejorar las condiciones de vida de la poblaci\u00f3n apure\u00f1a."}

InfoPrensa Apure.- Continúan los trabajos de recuperación de los espacios en los infocentro Cunaviche, municipio Pedro Camejo, Muhammad Ali y Mega Infocentro, ambos ubicados en el municipio San Fernando. El Plan Nacional de Infocentro en Ofensiva que consiste en impulsar los procesos para el mantenimiento físico, tecnológico y digital para mejorar la atención de nuestras comunidades y los movimientos sociales que allí hacen vida. Se realizó entrega de los materiales y equipos para la rehabilitación integral de dichos Infocentros, de esta manera se cumplen las orientaciones del presidente de la Fundación Infocentro Luis La Rosa, conjuntamente con el coordinador estadal de la red Infocentro del estado Apure Kenis Mejia, quien vienen realizando una excelente gestión, atendiendo el llamado de la ministra Gabriela Jiménez de activar todos los espacios con tecnología de vanguardia al alcance del pueblo. Cabe destacar que se ha observado el buen recibimiento de estas gestiones, por parte de las comunidades y la recuperación de los espacios que ha permito la conformación de brigadas de autoconstrucción, con el fin de colaborar con las obras, se ha recibido el apoyo de instituciones aliadas, del gobernador del estado Eduardo Piñate y del secretario de asuntos fronterizos José Cabrera. Este proceso ha estado acompañado con un conjunto de actividades estadales y comunitarias para el repensar de la Fundación Infocentro, a través de conversatorios comunitarios para compartir las necesidades de aprendizaje tecnológico, la utilidad de sus infocentros y sus propuestas para fortalecer y mejorar las condiciones de vida de la población apureña.
