{"version":"1.0","provider_name":"Infocentro","provider_url":"https:\/\/www.infocentro.gob.ve","author_name":"Osmar Ruiz","author_url":"https:\/\/www.infocentro.gob.ve\/index.php\/author\/osmar-ruiz\/","title":"Infocentro en TV visita Carabobo - Infocentro","type":"rich","width":600,"height":338,"html":"<blockquote class=\"wp-embedded-content\" data-secret=\"IbUdZpnJ4c\"><a href=\"https:\/\/www.infocentro.gob.ve\/index.php\/infocentro-en-tv-visita-carabobo\/\">Infocentro en TV visita Carabobo<\/a><\/blockquote><iframe sandbox=\"allow-scripts\" security=\"restricted\" src=\"https:\/\/www.infocentro.gob.ve\/index.php\/infocentro-en-tv-visita-carabobo\/embed\/#?secret=IbUdZpnJ4c\" width=\"600\" height=\"338\" title=\"\u00abInfocentro en TV visita Carabobo\u00bb \u2014 Infocentro\" data-secret=\"IbUdZpnJ4c\" frameborder=\"0\" marginwidth=\"0\" marginheight=\"0\" scrolling=\"no\" class=\"wp-embedded-content\"><\/iframe><script type=\"text\/javascript\">\n\/* <![CDATA[ *\/\n\/*! This file is auto-generated *\/\n!function(d,l){\"use strict\";l.querySelector&&d.addEventListener&&\"undefined\"!=typeof URL&&(d.wp=d.wp||{},d.wp.receiveEmbedMessage||(d.wp.receiveEmbedMessage=function(e){var t=e.data;if((t||t.secret||t.message||t.value)&&!\/[^a-zA-Z0-9]\/.test(t.secret)){for(var s,r,n,a=l.querySelectorAll('iframe[data-secret=\"'+t.secret+'\"]'),o=l.querySelectorAll('blockquote[data-secret=\"'+t.secret+'\"]'),c=new RegExp(\"^https?:$\",\"i\"),i=0;i<o.length;i++)o[i].style.display=\"none\";for(i=0;i<a.length;i++)s=a[i],e.source===s.contentWindow&&(s.removeAttribute(\"style\"),\"height\"===t.message?(1e3<(r=parseInt(t.value,10))?r=1e3:~~r<200&&(r=200),s.height=r):\"link\"===t.message&&(r=new URL(s.getAttribute(\"src\")),n=new URL(t.value),c.test(n.protocol))&&n.host===r.host&&l.activeElement===s&&(d.top.location.href=t.value))}},d.addEventListener(\"message\",d.wp.receiveEmbedMessage,!1),l.addEventListener(\"DOMContentLoaded\",function(){for(var e,t,s=l.querySelectorAll(\"iframe.wp-embedded-content\"),r=0;r<s.length;r++)(t=(e=s[r]).getAttribute(\"data-secret\"))||(t=Math.random().toString(36).substring(2,12),e.src+=\"#?secret=\"+t,e.setAttribute(\"data-secret\",t)),e.contentWindow.postMessage({message:\"ready\",secret:t},\"*\")},!1)))}(window,document);\n\/\/# sourceURL=https:\/\/www.infocentro.gob.ve\/wp-includes\/js\/wp-embed.min.js\n\/* ]]> *\/\n<\/script>\n","thumbnail_url":"https:\/\/www.infocentro.gob.ve\/wp-content\/uploads\/2024\/10\/WhatsApp-Image-2024-10-29-at-12.24.15-AM.jpeg","thumbnail_width":960,"thumbnail_height":540,"description":"Prensa Infocentro \/ Yescenia Granados.- El equipo de Infocentro en TV se traslad\u00f3 a Carabobo para conocer de primera mano el trabajo que realiza la instituci\u00f3n en la regi\u00f3n, en el marco de la celebraci\u00f3n del pr\u00f3ximo aniversario de la Fundaci\u00f3n Infocentro, que se llevar\u00e1 a cabo el s\u00e1bado 2 de noviembre. Durante la visita, el equipo del programa tuvo la oportunidad de conversar con la economista Eliana Palma, jefa Estadal de Infocentro Carabobo, y su equipo de coordinaci\u00f3n, TSU. Sandra Freites Coordinadora de Comunicaci\u00f3n, Lcdo. Cristopher Orta Coordinador de Tecnolog\u00eda y la Econ. Raquel Su\u00e1rez Coordinadora de Formaci\u00f3n, la entrevista permiti\u00f3 destacar el impacto positivo de Infocentro en la comunidad carabobe\u00f1a, resaltando los logros alcanzados y los proyectos en desarrollo. La jefa Estadal describi\u00f3 las diversas iniciativas que Infocentro Carabobo ha implementado para promover el acceso a las tecnolog\u00edas de la informaci\u00f3n y la comunicaci\u00f3n (TIC) en la regi\u00f3n, incluyendo programas de formaci\u00f3n, capacitaci\u00f3n y acceso a internet para diferentes sectores de la poblaci\u00f3n. Se enfatiz\u00f3 el compromiso de la instituci\u00f3n con la inclusi\u00f3n digital y la democratizaci\u00f3n del conocimiento. La invitaci\u00f3n a sintonizar el pr\u00f3ximo viernes a las 2: 00 Pm a trav\u00e9s del canal de YouTube Brigadas comunicacionales Hugo Ch\u00e1vez y la Tv Digital Infocentro en TV el Mundo en digital el programa que estar\u00e1 imperdible."}

Prensa Infocentro / Yescenia Granados.- El equipo de Infocentro en TV se trasladó a Carabobo para conocer de primera mano el trabajo que realiza la institución en la región, en el marco de la celebración del próximo aniversario de la Fundación Infocentro, que se llevará a cabo el sábado 2 de noviembre. Durante la visita, el equipo del programa tuvo la oportunidad de conversar con la economista Eliana Palma, jefa Estadal de Infocentro Carabobo, y su equipo de coordinación, TSU. Sandra Freites Coordinadora de Comunicación, Lcdo. Cristopher Orta Coordinador de Tecnología y la Econ. Raquel Suárez Coordinadora de Formación, la entrevista permitió destacar el impacto positivo de Infocentro en la comunidad carabobeña, resaltando los logros alcanzados y los proyectos en desarrollo. La jefa Estadal describió las diversas iniciativas que Infocentro Carabobo ha implementado para promover el acceso a las tecnologías de la información y la comunicación (TIC) en la región, incluyendo programas de formación, capacitación y acceso a internet para diferentes sectores de la población. Se enfatizó el compromiso de la institución con la inclusión digital y la democratización del conocimiento. La invitación a sintonizar el próximo viernes a las 2: 00 Pm a través del canal de YouTube Brigadas comunicacionales Hugo Chávez y la Tv Digital Infocentro en TV el Mundo en digital el programa que estará imperdible.
