{"version":"1.0","provider_name":"Infocentro","provider_url":"https:\/\/www.infocentro.gob.ve","author_name":"Osmar Ruiz","author_url":"https:\/\/www.infocentro.gob.ve\/index.php\/author\/osmar-ruiz\/","title":"Infocentro en Ofensiva repotenciando sus espacios - Infocentro","type":"rich","width":600,"height":338,"html":"<blockquote class=\"wp-embedded-content\" data-secret=\"S9WaQKybWI\"><a href=\"https:\/\/www.infocentro.gob.ve\/index.php\/infocentro-en-ofensiva-repotenciando-sus-espacios\/\">Infocentro en Ofensiva repotenciando sus espacios<\/a><\/blockquote><iframe sandbox=\"allow-scripts\" security=\"restricted\" src=\"https:\/\/www.infocentro.gob.ve\/index.php\/infocentro-en-ofensiva-repotenciando-sus-espacios\/embed\/#?secret=S9WaQKybWI\" width=\"600\" height=\"338\" title=\"\u00abInfocentro en Ofensiva repotenciando sus espacios\u00bb \u2014 Infocentro\" data-secret=\"S9WaQKybWI\" frameborder=\"0\" marginwidth=\"0\" marginheight=\"0\" scrolling=\"no\" class=\"wp-embedded-content\"><\/iframe><script type=\"text\/javascript\">\n\/* <![CDATA[ *\/\n\/*! This file is auto-generated *\/\n!function(d,l){\"use strict\";l.querySelector&&d.addEventListener&&\"undefined\"!=typeof URL&&(d.wp=d.wp||{},d.wp.receiveEmbedMessage||(d.wp.receiveEmbedMessage=function(e){var t=e.data;if((t||t.secret||t.message||t.value)&&!\/[^a-zA-Z0-9]\/.test(t.secret)){for(var s,r,n,a=l.querySelectorAll('iframe[data-secret=\"'+t.secret+'\"]'),o=l.querySelectorAll('blockquote[data-secret=\"'+t.secret+'\"]'),c=new RegExp(\"^https?:$\",\"i\"),i=0;i<o.length;i++)o[i].style.display=\"none\";for(i=0;i<a.length;i++)s=a[i],e.source===s.contentWindow&&(s.removeAttribute(\"style\"),\"height\"===t.message?(1e3<(r=parseInt(t.value,10))?r=1e3:~~r<200&&(r=200),s.height=r):\"link\"===t.message&&(r=new URL(s.getAttribute(\"src\")),n=new URL(t.value),c.test(n.protocol))&&n.host===r.host&&l.activeElement===s&&(d.top.location.href=t.value))}},d.addEventListener(\"message\",d.wp.receiveEmbedMessage,!1),l.addEventListener(\"DOMContentLoaded\",function(){for(var e,t,s=l.querySelectorAll(\"iframe.wp-embedded-content\"),r=0;r<s.length;r++)(t=(e=s[r]).getAttribute(\"data-secret\"))||(t=Math.random().toString(36).substring(2,12),e.src+=\"#?secret=\"+t,e.setAttribute(\"data-secret\",t)),e.contentWindow.postMessage({message:\"ready\",secret:t},\"*\")},!1)))}(window,document);\n\/\/# sourceURL=https:\/\/www.infocentro.gob.ve\/wp-includes\/js\/wp-embed.min.js\n\/* ]]> *\/\n<\/script>\n","thumbnail_url":"https:\/\/www.infocentro.gob.ve\/wp-content\/uploads\/2022\/09\/2A.jpg","thumbnail_width":720,"thumbnail_height":380,"description":"Cumpliendo con las orientaciones de nuestro Presidente Nicol\u00e1s Maduro y nuestra Ministra Gabriela Jim\u00e9nez, y nuestro Presidente de la Fundaci\u00f3n Infocentro Luis La Rosa, se da inicio En el marco del Plan Nacional de Infocentros en Ofensiva. Con el objetivo de fortalecer la estructura f\u00edsica y tecnol\u00f3gica de la Fundaci\u00f3n Infocentro da inicio al Plan Nacional en Ofensiva. Gracias al apoyo del Ministerio del Poder Popular para Ciencia y Tecnolog\u00eda (Mincyt), en esta oportunidad en el estado Barinas fueron seleccionados los Infocentros Biblioteca P\u00fablica Teresa de la Parra en la parroquia Sabaneta del municipio Alberto Arvelo Torrealba y el Infocentro Comunal Lirio Segura en la Parroquia Coraz\u00f3n de Jes\u00fas del municipio Barinas. Infocentro Biblioteca Teresa de la Parra Con el objetivo de fortalecer y mejorar las condiciones del Infocentro en materia de infraestructura y de plataforma tecnol\u00f3gica, se conform\u00f3 una Brigada Tecnol\u00f3gica Mixta entre el Poder Popular y trabajadores de la Brigada de la Alcald\u00eda gracias a la articulaci\u00f3n con el alcalde Alexander Camacho. Se ha avanzado el 80 % de los trabajos de mejoras en la infraestructura, para luego instalar mobiliario y nuevos. Infocentro Comunal Lirio Segura En esta oportunidad por su l\u00f3gica y din\u00e1mica comunal este espacio se est\u00e1 trabajando en las reparaciones de la infraestructura con el apoyo del Poder Popular, llevando un avance de 40 % de los trabajos, la pr\u00e1ctica del trabajo mancomunado es el camino por el cual desde la Fundaci\u00f3n Infocentro seguir\u00e1 trabajando para que cada espacio recuperado tenga mayor sentido de pertenencia y corresponsabilidad."}

Cumpliendo con las orientaciones de nuestro Presidente Nicolás Maduro y nuestra Ministra Gabriela Jiménez, y nuestro Presidente de la Fundación Infocentro Luis La Rosa, se da inicio En el marco del Plan Nacional de Infocentros en Ofensiva. Con el objetivo de fortalecer la estructura física y tecnológica de la Fundación Infocentro da inicio al Plan Nacional en Ofensiva. Gracias al apoyo del Ministerio del Poder Popular para Ciencia y Tecnología (Mincyt), en esta oportunidad en el estado Barinas fueron seleccionados los Infocentros Biblioteca Pública Teresa de la Parra en la parroquia Sabaneta del municipio Alberto Arvelo Torrealba y el Infocentro Comunal Lirio Segura en la Parroquia Corazón de Jesús del municipio Barinas. Infocentro Biblioteca Teresa de la Parra Con el objetivo de fortalecer y mejorar las condiciones del Infocentro en materia de infraestructura y de plataforma tecnológica, se conformó una Brigada Tecnológica Mixta entre el Poder Popular y trabajadores de la Brigada de la Alcaldía gracias a la articulación con el alcalde Alexander Camacho. Se ha avanzado el 80 % de los trabajos de mejoras en la infraestructura, para luego instalar mobiliario y nuevos. Infocentro Comunal Lirio Segura En esta oportunidad por su lógica y dinámica comunal este espacio se está trabajando en las reparaciones de la infraestructura con el apoyo del Poder Popular, llevando un avance de 40 % de los trabajos, la práctica del trabajo mancomunado es el camino por el cual desde la Fundación Infocentro seguirá trabajando para que cada espacio recuperado tenga mayor sentido de pertenencia y corresponsabilidad.
