{"version":"1.0","provider_name":"Infocentro","provider_url":"https:\/\/www.infocentro.gob.ve","author_name":"Osmar Ruiz","author_url":"https:\/\/www.infocentro.gob.ve\/index.php\/author\/osmar-ruiz\/","title":"Infocentro certifica saberes formativos en la Unexca - Infocentro","type":"rich","width":600,"height":338,"html":"<blockquote class=\"wp-embedded-content\" data-secret=\"wpTdx7Ugmn\"><a href=\"https:\/\/www.infocentro.gob.ve\/index.php\/infocentro-certifica-saberes-formativos-en-la-unexca\/\">Infocentro certifica saberes formativos en la Unexca<\/a><\/blockquote><iframe sandbox=\"allow-scripts\" security=\"restricted\" src=\"https:\/\/www.infocentro.gob.ve\/index.php\/infocentro-certifica-saberes-formativos-en-la-unexca\/embed\/#?secret=wpTdx7Ugmn\" width=\"600\" height=\"338\" title=\"\u00abInfocentro certifica saberes formativos en la Unexca\u00bb \u2014 Infocentro\" data-secret=\"wpTdx7Ugmn\" frameborder=\"0\" marginwidth=\"0\" marginheight=\"0\" scrolling=\"no\" class=\"wp-embedded-content\"><\/iframe><script type=\"text\/javascript\">\n\/* <![CDATA[ *\/\n\/*! This file is auto-generated *\/\n!function(d,l){\"use strict\";l.querySelector&&d.addEventListener&&\"undefined\"!=typeof URL&&(d.wp=d.wp||{},d.wp.receiveEmbedMessage||(d.wp.receiveEmbedMessage=function(e){var t=e.data;if((t||t.secret||t.message||t.value)&&!\/[^a-zA-Z0-9]\/.test(t.secret)){for(var s,r,n,a=l.querySelectorAll('iframe[data-secret=\"'+t.secret+'\"]'),o=l.querySelectorAll('blockquote[data-secret=\"'+t.secret+'\"]'),c=new RegExp(\"^https?:$\",\"i\"),i=0;i<o.length;i++)o[i].style.display=\"none\";for(i=0;i<a.length;i++)s=a[i],e.source===s.contentWindow&&(s.removeAttribute(\"style\"),\"height\"===t.message?(1e3<(r=parseInt(t.value,10))?r=1e3:~~r<200&&(r=200),s.height=r):\"link\"===t.message&&(r=new URL(s.getAttribute(\"src\")),n=new URL(t.value),c.test(n.protocol))&&n.host===r.host&&l.activeElement===s&&(d.top.location.href=t.value))}},d.addEventListener(\"message\",d.wp.receiveEmbedMessage,!1),l.addEventListener(\"DOMContentLoaded\",function(){for(var e,t,s=l.querySelectorAll(\"iframe.wp-embedded-content\"),r=0;r<s.length;r++)(t=(e=s[r]).getAttribute(\"data-secret\"))||(t=Math.random().toString(36).substring(2,12),e.src+=\"#?secret=\"+t,e.setAttribute(\"data-secret\",t)),e.contentWindow.postMessage({message:\"ready\",secret:t},\"*\")},!1)))}(window,document);\n\/\/# sourceURL=https:\/\/www.infocentro.gob.ve\/wp-includes\/js\/wp-embed.min.js\n\/* ]]> *\/\n<\/script>\n","thumbnail_url":"https:\/\/www.infocentro.gob.ve\/wp-content\/uploads\/2023\/06\/IMG_20230623_144307_075.jpg","thumbnail_width":1280,"thumbnail_height":603,"description":"Prensa Infocentro \/ Yolimer Guanipa.- Este viernes 23 de Junio la Fundaci\u00f3n Infocentro certifica los saberes a j\u00f3venes y adultos mayores a trav\u00e9s de la entrega de certificados, como un est\u00edmulo al trabajo y esfuerzo realizado y que la instituci\u00f3n viene apuntalando desde sus espacios con diversos proyectos formativos a distancia y presenciales. Desde la Sala Santiago Magari\u00f1os, ubicada en la parroquia Altagracia frente al Banco Central de Venezuela, esquina Mijares de la sede UNEXCA, se lleva a cabo la entrega de certificados al Adulto Mayor, Semilleros Cient\u00edficos, personal de Infocentro y estudiantes que se encuentran realizando sus pasant\u00edas en esta instituci\u00f3n. La actividad cont\u00f3 con la participaci\u00f3n de Danmarys Hern\u00e1ndez Viceministra del Despacho para la Comunalizaci\u00f3n de la Ciencia para la Producci\u00f3n, Luis La Rosa Presidente de la Fundaci\u00f3n Infocentro, Carmen Orellana Directora Ejecutiva de la Fundaci\u00f3n Infocentro, Gladys Ocanto presidenta de la Universidad de la 3era edad (Unitre) y Mar\u00eda Volc\u00e1n profesora de la Unitre La viceministra Hern\u00e1ndez, expres\u00f3 lo que \u201c\u2026.Estamos complacidos de estar aqu\u00ed haciendo esta entrega, que no es solo simb\u00f3lica, es humana, es trascendental, es victoriosa, porque es una muestra m\u00e1s del proceso revolucionario en el que estamos inmersos y convencidos de que tenemos que seguir construyendo\u2026\u201d Por su parte La Rosa, agradeci\u00f3 a la ministra del Poder Popular para Ciencia y Tecnolog\u00eda Gabriela Jim\u00e9nez, por el apoyo que le ha dado a los Infocentros en el territorio nacional para seguir fortaleciendo la formaci\u00f3n en estos espacios sociotecnol\u00f3gicos. Esta cohorte estuvo conformada por 150 participantes, que desde mediados de a\u00f1o comenzaron a cursar de forma presencial todos los m\u00f3dulos correspondientes al programa formativo. Para culminar el acto de entrega de certificados, pudimos disfrutar de una actividad cultural de parte del cantante Gobert Ben\u00edtez, quien nos deleit\u00f3 con varios temas tradicionales contagiando de alegr\u00eda el evento y enalteciendo la cultura musical venezolana\u2026 En Infocentro continuamos promoviendo la inclusi\u00f3n digital."}

Prensa Infocentro / Yolimer Guanipa.- Este viernes 23 de Junio la Fundación Infocentro certifica los saberes a jóvenes y adultos mayores a través de la entrega de certificados, como un estímulo al trabajo y esfuerzo realizado y que la institución viene apuntalando desde sus espacios con diversos proyectos formativos a distancia y presenciales. Desde la Sala Santiago Magariños, ubicada en la parroquia Altagracia frente al Banco Central de Venezuela, esquina Mijares de la sede UNEXCA, se lleva a cabo la entrega de certificados al Adulto Mayor, Semilleros Científicos, personal de Infocentro y estudiantes que se encuentran realizando sus pasantías en esta institución. La actividad contó con la participación de Danmarys Hernández Viceministra del Despacho para la Comunalización de la Ciencia para la Producción, Luis La Rosa Presidente de la Fundación Infocentro, Carmen Orellana Directora Ejecutiva de la Fundación Infocentro, Gladys Ocanto presidenta de la Universidad de la 3era edad (Unitre) y María Volcán profesora de la Unitre La viceministra Hernández, expresó lo que “….Estamos complacidos de estar aquí haciendo esta entrega, que no es solo simbólica, es humana, es trascendental, es victoriosa, porque es una muestra más del proceso revolucionario en el que estamos inmersos y convencidos de que tenemos que seguir construyendo…” Por su parte La Rosa, agradeció a la ministra del Poder Popular para Ciencia y Tecnología Gabriela Jiménez, por el apoyo que le ha dado a los Infocentros en el territorio nacional para seguir fortaleciendo la formación en estos espacios sociotecnológicos. Esta cohorte estuvo conformada por 150 participantes, que desde mediados de año comenzaron a cursar de forma presencial todos los módulos correspondientes al programa formativo. Para culminar el acto de entrega de certificados, pudimos disfrutar de una actividad cultural de parte del cantante Gobert Benítez, quien nos deleitó con varios temas tradicionales contagiando de alegría el evento y enalteciendo la cultura musical venezolana… En Infocentro continuamos promoviendo la inclusión digital.
