{"version":"1.0","provider_name":"Infocentro","provider_url":"https:\/\/www.infocentro.gob.ve","author_name":"Yaneth Fernandez","author_url":"https:\/\/www.infocentro.gob.ve\/index.php\/author\/yaneth-fernandez\/","title":"Infocentro ACAV Educando para un entorno digital seguro - Infocentro","type":"rich","width":600,"height":338,"html":"<blockquote class=\"wp-embedded-content\" data-secret=\"i4yOuqD8li\"><a href=\"https:\/\/www.infocentro.gob.ve\/index.php\/infocentro-acav-educando-para-un-entorno-digital-seguro\/\">Infocentro ACAV Educando para un entorno digital seguro<\/a><\/blockquote><iframe sandbox=\"allow-scripts\" security=\"restricted\" src=\"https:\/\/www.infocentro.gob.ve\/index.php\/infocentro-acav-educando-para-un-entorno-digital-seguro\/embed\/#?secret=i4yOuqD8li\" width=\"600\" height=\"338\" title=\"\u00abInfocentro ACAV Educando para un entorno digital seguro\u00bb \u2014 Infocentro\" data-secret=\"i4yOuqD8li\" frameborder=\"0\" marginwidth=\"0\" marginheight=\"0\" scrolling=\"no\" class=\"wp-embedded-content\"><\/iframe><script type=\"text\/javascript\">\n\/* <![CDATA[ *\/\n\/*! This file is auto-generated *\/\n!function(d,l){\"use strict\";l.querySelector&&d.addEventListener&&\"undefined\"!=typeof URL&&(d.wp=d.wp||{},d.wp.receiveEmbedMessage||(d.wp.receiveEmbedMessage=function(e){var t=e.data;if((t||t.secret||t.message||t.value)&&!\/[^a-zA-Z0-9]\/.test(t.secret)){for(var s,r,n,a=l.querySelectorAll('iframe[data-secret=\"'+t.secret+'\"]'),o=l.querySelectorAll('blockquote[data-secret=\"'+t.secret+'\"]'),c=new RegExp(\"^https?:$\",\"i\"),i=0;i<o.length;i++)o[i].style.display=\"none\";for(i=0;i<a.length;i++)s=a[i],e.source===s.contentWindow&&(s.removeAttribute(\"style\"),\"height\"===t.message?(1e3<(r=parseInt(t.value,10))?r=1e3:~~r<200&&(r=200),s.height=r):\"link\"===t.message&&(r=new URL(s.getAttribute(\"src\")),n=new URL(t.value),c.test(n.protocol))&&n.host===r.host&&l.activeElement===s&&(d.top.location.href=t.value))}},d.addEventListener(\"message\",d.wp.receiveEmbedMessage,!1),l.addEventListener(\"DOMContentLoaded\",function(){for(var e,t,s=l.querySelectorAll(\"iframe.wp-embedded-content\"),r=0;r<s.length;r++)(t=(e=s[r]).getAttribute(\"data-secret\"))||(t=Math.random().toString(36).substring(2,12),e.src+=\"#?secret=\"+t,e.setAttribute(\"data-secret\",t)),e.contentWindow.postMessage({message:\"ready\",secret:t},\"*\")},!1)))}(window,document);\n\/\/# sourceURL=https:\/\/www.infocentro.gob.ve\/wp-includes\/js\/wp-embed.min.js\n\/* ]]> *\/\n<\/script>\n","thumbnail_url":"https:\/\/www.infocentro.gob.ve\/wp-content\/uploads\/2026\/03\/Foto-3.png","thumbnail_width":1488,"thumbnail_height":595,"description":"Con el firme objetivo de brindar herramientas cr\u00edticas frente a los riesgos del entorno digital, 39 estudiantes de 1er a 6to grado de la Escuela B\u00e1sica Quebrada Negra participaron en el taller educativo sobre las diversas formas de violencia, con especial \u00e9nfasis en la prevenci\u00f3n de la violencia online. Esta jornada, realizada el pasado 5 de marzo por el Infocentro ACAV, tuvo lugar en la Parroquia Rodr\u00edguez Dom\u00ednguez del Municipio Alberto Arvelo Torrealba, permitiendo que ni\u00f1os y ni\u00f1as de entre 6 y 12 a\u00f1os identificaran no solo las agresiones tradicionales, sino tambi\u00e9n las amenazas emergentes en un contexto donde el acceso a la tecnolog\u00eda es cada vez m\u00e1s temprano. El taller se desarroll\u00f3 de manera did\u00e1ctica y participativa, transformando conceptos complejos en lecciones de vida adaptadas a cada edad con el objetivo de sensibilizar a los alumnos para que reconozcan las manifestaciones de violencia f\u00edsica, psicol\u00f3gica y digital; al empoderarlos sobre sus derechos y ense\u00f1arles a qui\u00e9n recurrir en caso de ayuda, los facilitadores del Infocentro ACAV destacaron durante la actividad que su meta principal es \u00abpromover un entorno m\u00e1s seguro y protector tanto en la escuela como en sus hogares y en el internet, bajo la premisa de que un ni\u00f1o informado es un ni\u00f1o protegido\u00bb. Esta actividad no solo cumple con un prop\u00f3sito educativo, sino que se alinea profundamente con los v\u00e9rtices de la Gran Misi\u00f3n Ciencia, Tecnolog\u00eda e Innovaci\u00f3n \u00abDr. Humberto Fern\u00e1ndez-Mor\u00e1n\u00bb, promoviendo el uso responsable y soberano de las tecnolog\u00edas de informaci\u00f3n. Al fomentar un espacio de di\u00e1logo preventivo, se fortalece el pensamiento cr\u00edtico de los m\u00e1s j\u00f3venes, prepar\u00e1ndolos como un semillero consciente capaz de navegar con seguridad en el mundo actual y de liderar la transformaci\u00f3n digital con \u00e9tica y protecci\u00f3n integral. Prensa Infocentro Barinas | Karlexis Romero"}

Con el firme objetivo de brindar herramientas críticas frente a los riesgos del entorno digital, 39 estudiantes de 1er a 6to grado de la Escuela Básica Quebrada Negra participaron en el taller educativo sobre las diversas formas de violencia, con especial énfasis en la prevención de la violencia online. Esta jornada, realizada el pasado 5 de marzo por el Infocentro ACAV, tuvo lugar en la Parroquia Rodríguez Domínguez del Municipio Alberto Arvelo Torrealba, permitiendo que niños y niñas de entre 6 y 12 años identificaran no solo las agresiones tradicionales, sino también las amenazas emergentes en un contexto donde el acceso a la tecnología es cada vez más temprano. El taller se desarrolló de manera didáctica y participativa, transformando conceptos complejos en lecciones de vida adaptadas a cada edad con el objetivo de sensibilizar a los alumnos para que reconozcan las manifestaciones de violencia física, psicológica y digital; al empoderarlos sobre sus derechos y enseñarles a quién recurrir en caso de ayuda, los facilitadores del Infocentro ACAV destacaron durante la actividad que su meta principal es «promover un entorno más seguro y protector tanto en la escuela como en sus hogares y en el internet, bajo la premisa de que un niño informado es un niño protegido». Esta actividad no solo cumple con un propósito educativo, sino que se alinea profundamente con los vértices de la Gran Misión Ciencia, Tecnología e Innovación «Dr. Humberto Fernández-Morán», promoviendo el uso responsable y soberano de las tecnologías de información. Al fomentar un espacio de diálogo preventivo, se fortalece el pensamiento crítico de los más jóvenes, preparándolos como un semillero consciente capaz de navegar con seguridad en el mundo actual y de liderar la transformación digital con ética y protección integral. Prensa Infocentro Barinas | Karlexis Romero
