{"version":"1.0","provider_name":"Infocentro","provider_url":"https:\/\/www.infocentro.gob.ve","author_name":"Osmar Ruiz","author_url":"https:\/\/www.infocentro.gob.ve\/index.php\/author\/osmar-ruiz\/","title":"Inclusi\u00f3n en el Mundo Digital - Infocentro","type":"rich","width":600,"height":338,"html":"<blockquote class=\"wp-embedded-content\" data-secret=\"jyGP9KahVE\"><a href=\"https:\/\/www.infocentro.gob.ve\/index.php\/inclusion-en-el-mundo-digital\/\">Inclusi\u00f3n en el Mundo Digital<\/a><\/blockquote><iframe sandbox=\"allow-scripts\" security=\"restricted\" src=\"https:\/\/www.infocentro.gob.ve\/index.php\/inclusion-en-el-mundo-digital\/embed\/#?secret=jyGP9KahVE\" width=\"600\" height=\"338\" title=\"\u00abInclusi\u00f3n en el Mundo Digital\u00bb \u2014 Infocentro\" data-secret=\"jyGP9KahVE\" frameborder=\"0\" marginwidth=\"0\" marginheight=\"0\" scrolling=\"no\" class=\"wp-embedded-content\"><\/iframe><script type=\"text\/javascript\">\n\/* <![CDATA[ *\/\n\/*! This file is auto-generated *\/\n!function(d,l){\"use strict\";l.querySelector&&d.addEventListener&&\"undefined\"!=typeof URL&&(d.wp=d.wp||{},d.wp.receiveEmbedMessage||(d.wp.receiveEmbedMessage=function(e){var t=e.data;if((t||t.secret||t.message||t.value)&&!\/[^a-zA-Z0-9]\/.test(t.secret)){for(var s,r,n,a=l.querySelectorAll('iframe[data-secret=\"'+t.secret+'\"]'),o=l.querySelectorAll('blockquote[data-secret=\"'+t.secret+'\"]'),c=new RegExp(\"^https?:$\",\"i\"),i=0;i<o.length;i++)o[i].style.display=\"none\";for(i=0;i<a.length;i++)s=a[i],e.source===s.contentWindow&&(s.removeAttribute(\"style\"),\"height\"===t.message?(1e3<(r=parseInt(t.value,10))?r=1e3:~~r<200&&(r=200),s.height=r):\"link\"===t.message&&(r=new URL(s.getAttribute(\"src\")),n=new URL(t.value),c.test(n.protocol))&&n.host===r.host&&l.activeElement===s&&(d.top.location.href=t.value))}},d.addEventListener(\"message\",d.wp.receiveEmbedMessage,!1),l.addEventListener(\"DOMContentLoaded\",function(){for(var e,t,s=l.querySelectorAll(\"iframe.wp-embedded-content\"),r=0;r<s.length;r++)(t=(e=s[r]).getAttribute(\"data-secret\"))||(t=Math.random().toString(36).substring(2,12),e.src+=\"#?secret=\"+t,e.setAttribute(\"data-secret\",t)),e.contentWindow.postMessage({message:\"ready\",secret:t},\"*\")},!1)))}(window,document);\n\/\/# sourceURL=https:\/\/www.infocentro.gob.ve\/wp-includes\/js\/wp-embed.min.js\n\/* ]]> *\/\n<\/script>\n","thumbnail_url":"https:\/\/www.infocentro.gob.ve\/wp-content\/uploads\/2023\/09\/1A-1.jpg","thumbnail_width":819,"thumbnail_height":508,"description":"Prensa Infocentro Carabobo \/ Carmen Reina.- En el Infocentro Bel\u00e9n del municipio Carlos Arvelo, parroquia Bel\u00e9n del estado Carabobo, se realiz\u00f3 un conversatorio con ni\u00f1os de la comunidad, cuyo lema principal fue la importancia del mundo digital y las herramientas con que cuenta el Infocentro para conocer y destacar las diversas habilidades en el mundo digital. Se tocaron temas como la rob\u00f3tica, que es una programaci\u00f3n interactiva, siendo aplicable en todos los niveles educativos, el aprendizaje se basa en programas y proyectos sencillos, divertidos que puedan ser utilizados por ni\u00f1as y ni\u00f1os para fomentar creatividad y autonom\u00eda del pensamiento l\u00f3gico desde la infancia, en este conversatorio tambi\u00e9n estuvieron presentes la profesora y el profesor de m\u00fasica Mar\u00eda Ar\u00e9valo y Juan Carlos Mora quienes aportaron ideas para incentivar a los participantes a investigar sobre \u00e1reas de ciencia y tecnolog\u00eda, tambi\u00e9n el ni\u00f1o Mathias Coronado se destac\u00f3 realizando dibujos en la computadora como parte de la actividad realizada en este d\u00eda. Las facilitadoras del Infocentro Bel\u00e9n Carmen Reina y G\u00e9nesis \u00c1vila, involucrando a la comunidad en el acceso y conocimiento de las tecnolog\u00edas donde las personas puedan desarrollarse contando con los conocimientos necesarios para apropiarse de las Tic&#8217;s y los nuevos retos tecnol\u00f3gicos, buscando las condiciones para transitar juntos en la nueva era digital, poniendo en pr\u00e1ctica la soberan\u00eda tecnol\u00f3gica para la vida, donde nuestras ni\u00f1as y ni\u00f1os sean el motor principal para el futuro y el logro de una Venezuela productiva en el mundo de la ciencia y la tecnolog\u00eda."}

Inclusión en el Mundo Digital - Infocentro

<blockquote class="wp-embedded-content" data-secret="jyGP9KahVE"><a href="https://www.infocentro.gob.ve/index.php/inclusion-en-el-mundo-digital/">Inclusión en el Mundo Digital</a></blockquote><iframe sandbox="allow-scripts" security="restricted" src="https://www.infocentro.gob.ve/index.php/inclusion-en-el-mundo-digital/embed/#?secret=jyGP9KahVE" width="600" height="338" title="«Inclusión en el Mundo Digital» — Infocentro" data-secret="jyGP9KahVE" frameborder="0" marginwidth="0" marginheight="0" scrolling="no" class="wp-embedded-content"></iframe><script type="text/javascript">
/* <![CDATA[ */
/*! This file is auto-generated */
!function(d,l){"use strict";l.querySelector&&d.addEventListener&&"undefined"!=typeof URL&&(d.wp=d.wp||{},d.wp.receiveEmbedMessage||(d.wp.receiveEmbedMessage=function(e){var t=e.data;if((t||t.secret||t.message||t.value)&&!/[^a-zA-Z0-9]/.test(t.secret)){for(var s,r,n,a=l.querySelectorAll('iframe[data-secret="'+t.secret+'"]'),o=l.querySelectorAll('blockquote[data-secret="'+t.secret+'"]'),c=new RegExp("^https?:$","i"),i=0;i<o.length;i++)o[i].style.display="none";for(i=0;i<a.length;i++)s=a[i],e.source===s.contentWindow&&(s.removeAttribute("style"),"height"===t.message?(1e3<(r=parseInt(t.value,10))?r=1e3:~~r<200&&(r=200),s.height=r):"link"===t.message&&(r=new URL(s.getAttribute("src")),n=new URL(t.value),c.test(n.protocol))&&n.host===r.host&&l.activeElement===s&&(d.top.location.href=t.value))}},d.addEventListener("message",d.wp.receiveEmbedMessage,!1),l.addEventListener("DOMContentLoaded",function(){for(var e,t,s=l.querySelectorAll("iframe.wp-embedded-content"),r=0;r<s.length;r++)(t=(e=s[r]).getAttribute("data-secret"))||(t=Math.random().toString(36).substring(2,12),e.src+="#?secret="+t,e.setAttribute("data-secret",t)),e.contentWindow.postMessage({message:"ready",secret:t},"*")},!1)))}(window,document);
//# sourceURL=https://www.infocentro.gob.ve/wp-includes/js/wp-embed.min.js
/* ]]> */
</script>

Prensa Infocentro Carabobo / Carmen Reina.- En el Infocentro Belén del municipio Carlos Arvelo, parroquia Belén del estado Carabobo, se realizó un conversatorio con niños de la comunidad, cuyo lema principal fue la importancia del mundo digital y las herramientas con que cuenta el Infocentro para conocer y destacar las diversas habilidades en el mundo digital. Se tocaron temas como la robótica, que es una programación interactiva, siendo aplicable en todos los niveles educativos, el aprendizaje se basa en programas y proyectos sencillos, divertidos que puedan ser utilizados por niñas y niños para fomentar creatividad y autonomía del pensamiento lógico desde la infancia, en este conversatorio también estuvieron presentes la profesora y el profesor de música María Arévalo y Juan Carlos Mora quienes aportaron ideas para incentivar a los participantes a investigar sobre áreas de ciencia y tecnología, también el niño Mathias Coronado se destacó realizando dibujos en la computadora como parte de la actividad realizada en este día. Las facilitadoras del Infocentro Belén Carmen Reina y Génesis Ávila, involucrando a la comunidad en el acceso y conocimiento de las tecnologías donde las personas puedan desarrollarse contando con los conocimientos necesarios para apropiarse de las Tic&#8217;s y los nuevos retos tecnológicos, buscando las condiciones para transitar juntos en la nueva era digital, poniendo en práctica la soberanía tecnológica para la vida, donde nuestras niñas y niños sean el motor principal para el futuro y el logro de una Venezuela productiva en el mundo de la ciencia y la tecnología.
