{"version":"1.0","provider_name":"Infocentro","provider_url":"https:\/\/www.infocentro.gob.ve","author_name":"Yaneth Fernandez","author_url":"https:\/\/www.infocentro.gob.ve\/index.php\/author\/yaneth-fernandez\/","title":"\u00a1Impulsamos el desarrollo cient\u00edfico y tecnol\u00f3gico en Lara!\u00a0 - Infocentro","type":"rich","width":600,"height":338,"html":"<blockquote class=\"wp-embedded-content\" data-secret=\"gbesQmRugT\"><a href=\"https:\/\/www.infocentro.gob.ve\/index.php\/impulsamos-el-desarrollo-cientifico-y-tecnologico-en-lara\/\">\u00a1Impulsamos el desarrollo cient\u00edfico y tecnol\u00f3gico en Lara!\u00a0<\/a><\/blockquote><iframe sandbox=\"allow-scripts\" security=\"restricted\" src=\"https:\/\/www.infocentro.gob.ve\/index.php\/impulsamos-el-desarrollo-cientifico-y-tecnologico-en-lara\/embed\/#?secret=gbesQmRugT\" width=\"600\" height=\"338\" title=\"\u00ab\u00a1Impulsamos el desarrollo cient\u00edfico y tecnol\u00f3gico en Lara!\u00a0\u00bb \u2014 Infocentro\" data-secret=\"gbesQmRugT\" frameborder=\"0\" marginwidth=\"0\" marginheight=\"0\" scrolling=\"no\" class=\"wp-embedded-content\"><\/iframe><script type=\"text\/javascript\">\n\/* <![CDATA[ *\/\n\/*! This file is auto-generated *\/\n!function(d,l){\"use strict\";l.querySelector&&d.addEventListener&&\"undefined\"!=typeof URL&&(d.wp=d.wp||{},d.wp.receiveEmbedMessage||(d.wp.receiveEmbedMessage=function(e){var t=e.data;if((t||t.secret||t.message||t.value)&&!\/[^a-zA-Z0-9]\/.test(t.secret)){for(var s,r,n,a=l.querySelectorAll('iframe[data-secret=\"'+t.secret+'\"]'),o=l.querySelectorAll('blockquote[data-secret=\"'+t.secret+'\"]'),c=new RegExp(\"^https?:$\",\"i\"),i=0;i<o.length;i++)o[i].style.display=\"none\";for(i=0;i<a.length;i++)s=a[i],e.source===s.contentWindow&&(s.removeAttribute(\"style\"),\"height\"===t.message?(1e3<(r=parseInt(t.value,10))?r=1e3:~~r<200&&(r=200),s.height=r):\"link\"===t.message&&(r=new URL(s.getAttribute(\"src\")),n=new URL(t.value),c.test(n.protocol))&&n.host===r.host&&l.activeElement===s&&(d.top.location.href=t.value))}},d.addEventListener(\"message\",d.wp.receiveEmbedMessage,!1),l.addEventListener(\"DOMContentLoaded\",function(){for(var e,t,s=l.querySelectorAll(\"iframe.wp-embedded-content\"),r=0;r<s.length;r++)(t=(e=s[r]).getAttribute(\"data-secret\"))||(t=Math.random().toString(36).substring(2,12),e.src+=\"#?secret=\"+t,e.setAttribute(\"data-secret\",t)),e.contentWindow.postMessage({message:\"ready\",secret:t},\"*\")},!1)))}(window,document);\n\/\/# sourceURL=https:\/\/www.infocentro.gob.ve\/wp-includes\/js\/wp-embed.min.js\n\/* ]]> *\/\n<\/script>\n","thumbnail_url":"https:\/\/www.infocentro.gob.ve\/wp-content\/uploads\/2025\/10\/IMG-20251013-WA0022-1-2.jpg","thumbnail_width":1932,"thumbnail_height":1114,"description":"Prensa Infocentro Lara \/ Jes\u00fas Monsalve \u2013 El Infocentro Lara &nbsp;con el firme prop\u00f3sito de fortalecer la ciencia y la tecnolog\u00eda popular, este lunes se llev\u00f3 a cabo una importante jornada de articulaci\u00f3n que congreg\u00f3 a los Responsables Municipales de la Gran Misi\u00f3n Ciencia, Tecnolog\u00eda e Innovaci\u00f3n \u201cDr. Humberto Fern\u00e1ndez-Mor\u00e1n\u201d en el estado Lara. El encuentro, celebrado en las instalaciones de la Fundaci\u00f3n para el Desarrollo de la Ciencia y la Tecnolog\u00eda (Fundacite Lara), sirvi\u00f3 como un espacio clave para la coordinaci\u00f3n y evaluaci\u00f3n conjunta entre los entes adscritos al Ministerio del Poder Popular para Ciencia y Tecnolog\u00eda (Mincyt), incluyendo la Fundaci\u00f3n Infocentro, Cantv y Fundacite Lara. La jornada fue liderada por la ingeniera Ang\u00e9lica Gonz\u00e1lez, presidenta de Fundacite Lara, quien evalu\u00f3 detalladamente, junto a los responsables municipales, los avances del proceso de conformaci\u00f3n de los comit\u00e9s promotores de la GMCTI en las comunas y circuitos comunales de la entidad larense. Esta estrategia se considera fundamental para garantizar la territorializaci\u00f3n de las pol\u00edticas cient\u00edficas y tecnol\u00f3gicas del Gobierno Bolivariano. Durante la reuni\u00f3n, fruto de la evaluaci\u00f3n colectiva, se establecieron y reforzaron las l\u00edneas de acci\u00f3n para continuar impulsando de manera acelerada y organizada el proceso de conformaci\u00f3n de dichos comit\u00e9s, asegurando la participaci\u00f3n activa del Poder Popular en la identificaci\u00f3n de soluciones a problem\u00e1ticas locales mediante la ciencia y la innovaci\u00f3n. Los Responsables Municipales reafirmaron su compromiso de seguir trabajando articuladamente para convertir a Lara en una potencia cient\u00edfica y tecnol\u00f3gica, en sinton\u00eda con los v\u00e9rtices de la Gran Misi\u00f3n."}

¡Impulsamos el desarrollo científico y tecnológico en Lara!  - Infocentro

<blockquote class="wp-embedded-content" data-secret="gbesQmRugT"><a href="https://www.infocentro.gob.ve/index.php/impulsamos-el-desarrollo-cientifico-y-tecnologico-en-lara/">¡Impulsamos el desarrollo científico y tecnológico en Lara! </a></blockquote><iframe sandbox="allow-scripts" security="restricted" src="https://www.infocentro.gob.ve/index.php/impulsamos-el-desarrollo-cientifico-y-tecnologico-en-lara/embed/#?secret=gbesQmRugT" width="600" height="338" title="«¡Impulsamos el desarrollo científico y tecnológico en Lara! » — Infocentro" data-secret="gbesQmRugT" frameborder="0" marginwidth="0" marginheight="0" scrolling="no" class="wp-embedded-content"></iframe><script type="text/javascript">
/* <![CDATA[ */
/*! This file is auto-generated */
!function(d,l){"use strict";l.querySelector&&d.addEventListener&&"undefined"!=typeof URL&&(d.wp=d.wp||{},d.wp.receiveEmbedMessage||(d.wp.receiveEmbedMessage=function(e){var t=e.data;if((t||t.secret||t.message||t.value)&&!/[^a-zA-Z0-9]/.test(t.secret)){for(var s,r,n,a=l.querySelectorAll('iframe[data-secret="'+t.secret+'"]'),o=l.querySelectorAll('blockquote[data-secret="'+t.secret+'"]'),c=new RegExp("^https?:$","i"),i=0;i<o.length;i++)o[i].style.display="none";for(i=0;i<a.length;i++)s=a[i],e.source===s.contentWindow&&(s.removeAttribute("style"),"height"===t.message?(1e3<(r=parseInt(t.value,10))?r=1e3:~~r<200&&(r=200),s.height=r):"link"===t.message&&(r=new URL(s.getAttribute("src")),n=new URL(t.value),c.test(n.protocol))&&n.host===r.host&&l.activeElement===s&&(d.top.location.href=t.value))}},d.addEventListener("message",d.wp.receiveEmbedMessage,!1),l.addEventListener("DOMContentLoaded",function(){for(var e,t,s=l.querySelectorAll("iframe.wp-embedded-content"),r=0;r<s.length;r++)(t=(e=s[r]).getAttribute("data-secret"))||(t=Math.random().toString(36).substring(2,12),e.src+="#?secret="+t,e.setAttribute("data-secret",t)),e.contentWindow.postMessage({message:"ready",secret:t},"*")},!1)))}(window,document);
//# sourceURL=https://www.infocentro.gob.ve/wp-includes/js/wp-embed.min.js
/* ]]> */
</script>

Prensa Infocentro Lara / Jesús Monsalve – El Infocentro Lara &nbsp;con el firme propósito de fortalecer la ciencia y la tecnología popular, este lunes se llevó a cabo una importante jornada de articulación que congregó a los Responsables Municipales de la Gran Misión Ciencia, Tecnología e Innovación “Dr. Humberto Fernández-Morán” en el estado Lara. El encuentro, celebrado en las instalaciones de la Fundación para el Desarrollo de la Ciencia y la Tecnología (Fundacite Lara), sirvió como un espacio clave para la coordinación y evaluación conjunta entre los entes adscritos al Ministerio del Poder Popular para Ciencia y Tecnología (Mincyt), incluyendo la Fundación Infocentro, Cantv y Fundacite Lara. La jornada fue liderada por la ingeniera Angélica González, presidenta de Fundacite Lara, quien evaluó detalladamente, junto a los responsables municipales, los avances del proceso de conformación de los comités promotores de la GMCTI en las comunas y circuitos comunales de la entidad larense. Esta estrategia se considera fundamental para garantizar la territorialización de las políticas científicas y tecnológicas del Gobierno Bolivariano. Durante la reunión, fruto de la evaluación colectiva, se establecieron y reforzaron las líneas de acción para continuar impulsando de manera acelerada y organizada el proceso de conformación de dichos comités, asegurando la participación activa del Poder Popular en la identificación de soluciones a problemáticas locales mediante la ciencia y la innovación. Los Responsables Municipales reafirmaron su compromiso de seguir trabajando articuladamente para convertir a Lara en una potencia científica y tecnológica, en sintonía con los vértices de la Gran Misión.
