{"version":"1.0","provider_name":"Infocentro","provider_url":"https:\/\/www.infocentro.gob.ve","author_name":"Osmar Ruiz","author_url":"https:\/\/www.infocentro.gob.ve\/index.php\/author\/osmar-ruiz\/","title":"Formaci\u00f3n en Creaci\u00f3n de P\u00e1ginas Web - Infocentro","type":"rich","width":600,"height":338,"html":"<blockquote class=\"wp-embedded-content\" data-secret=\"rWFc0AJ8Jm\"><a href=\"https:\/\/www.infocentro.gob.ve\/index.php\/formacion-en-creacion-de-paginas-web\/\">Formaci\u00f3n en Creaci\u00f3n de P\u00e1ginas Web<\/a><\/blockquote><iframe sandbox=\"allow-scripts\" security=\"restricted\" src=\"https:\/\/www.infocentro.gob.ve\/index.php\/formacion-en-creacion-de-paginas-web\/embed\/#?secret=rWFc0AJ8Jm\" width=\"600\" height=\"338\" title=\"\u00abFormaci\u00f3n en Creaci\u00f3n de P\u00e1ginas Web\u00bb \u2014 Infocentro\" data-secret=\"rWFc0AJ8Jm\" frameborder=\"0\" marginwidth=\"0\" marginheight=\"0\" scrolling=\"no\" class=\"wp-embedded-content\"><\/iframe><script type=\"text\/javascript\">\n\/* <![CDATA[ *\/\n\/*! This file is auto-generated *\/\n!function(d,l){\"use strict\";l.querySelector&&d.addEventListener&&\"undefined\"!=typeof URL&&(d.wp=d.wp||{},d.wp.receiveEmbedMessage||(d.wp.receiveEmbedMessage=function(e){var t=e.data;if((t||t.secret||t.message||t.value)&&!\/[^a-zA-Z0-9]\/.test(t.secret)){for(var s,r,n,a=l.querySelectorAll('iframe[data-secret=\"'+t.secret+'\"]'),o=l.querySelectorAll('blockquote[data-secret=\"'+t.secret+'\"]'),c=new RegExp(\"^https?:$\",\"i\"),i=0;i<o.length;i++)o[i].style.display=\"none\";for(i=0;i<a.length;i++)s=a[i],e.source===s.contentWindow&&(s.removeAttribute(\"style\"),\"height\"===t.message?(1e3<(r=parseInt(t.value,10))?r=1e3:~~r<200&&(r=200),s.height=r):\"link\"===t.message&&(r=new URL(s.getAttribute(\"src\")),n=new URL(t.value),c.test(n.protocol))&&n.host===r.host&&l.activeElement===s&&(d.top.location.href=t.value))}},d.addEventListener(\"message\",d.wp.receiveEmbedMessage,!1),l.addEventListener(\"DOMContentLoaded\",function(){for(var e,t,s=l.querySelectorAll(\"iframe.wp-embedded-content\"),r=0;r<s.length;r++)(t=(e=s[r]).getAttribute(\"data-secret\"))||(t=Math.random().toString(36).substring(2,12),e.src+=\"#?secret=\"+t,e.setAttribute(\"data-secret\",t)),e.contentWindow.postMessage({message:\"ready\",secret:t},\"*\")},!1)))}(window,document);\n\/\/# sourceURL=https:\/\/www.infocentro.gob.ve\/wp-includes\/js\/wp-embed.min.js\n\/* ]]> *\/\n<\/script>\n","thumbnail_url":"https:\/\/www.infocentro.gob.ve\/wp-content\/uploads\/2025\/02\/A2-5.jpg","thumbnail_width":1000,"thumbnail_height":674,"description":"Prensa Infocentro M\u00e9rida \/ Anyela Rojas.- En un mundo cada vez m\u00e1s digital, la necesidad de contar con una presencia en l\u00ednea efectiva se ha convertido en una prioridad para negocios y emprendedores. Con el objetivo de capacitar a los facilitadores y facilitadoras de la Fundaci\u00f3n Infocentro M\u00e9rida hemos retomado el programa de formaci\u00f3n en creaci\u00f3n de p\u00e1ginas web, dictado por el Profesor Genairo Rom\u00e1n instructor del Inces M\u00e9rida. Est\u00e1 formaci\u00f3n ha sido dise\u00f1ada para proporcionar a los participantes las herramientas y conocimientos necesarios para desarrollar y gestionar sus propias p\u00e1ginas web, sin necesidad de tener experiencia previa en programaci\u00f3n. Las clases abarcar\u00e1n desde los conceptos b\u00e1sicos del dise\u00f1o web Java script, html y css, c\u00f3digo en programaci\u00f3n para p\u00e1ginas web. Adem\u00e1s de aprender a dise\u00f1ar y estructurar una p\u00e1gina web atractiva y funcional. Utilizar herramientas y recursos para optimizar la visibilidad en buscadores (SEO). Integrar elementos multimedia y redes sociales para mejorar la interacci\u00f3n con los usuarios. Gestionar el contenido y mantener actualizada su p\u00e1gina web. En dicha formaci\u00f3n participa el personal del eje metropolitano de la Fundaci\u00f3n Infocentro M\u00e9rida, se realiza todos los jueves en la sede del Inces los curos, parroquia Osuna Rodr\u00edguez del municipio libertador, continuamos fortaleciendo la formaci\u00f3n acad\u00e9mica de nuestro personal, rumbo a la transformaci\u00f3n tecnol\u00f3gica."}

Formación en Creación de Páginas Web - Infocentro

<blockquote class="wp-embedded-content" data-secret="rWFc0AJ8Jm"><a href="https://www.infocentro.gob.ve/index.php/formacion-en-creacion-de-paginas-web/">Formación en Creación de Páginas Web</a></blockquote><iframe sandbox="allow-scripts" security="restricted" src="https://www.infocentro.gob.ve/index.php/formacion-en-creacion-de-paginas-web/embed/#?secret=rWFc0AJ8Jm" width="600" height="338" title="«Formación en Creación de Páginas Web» — Infocentro" data-secret="rWFc0AJ8Jm" frameborder="0" marginwidth="0" marginheight="0" scrolling="no" class="wp-embedded-content"></iframe><script type="text/javascript">
/* <![CDATA[ */
/*! This file is auto-generated */
!function(d,l){"use strict";l.querySelector&&d.addEventListener&&"undefined"!=typeof URL&&(d.wp=d.wp||{},d.wp.receiveEmbedMessage||(d.wp.receiveEmbedMessage=function(e){var t=e.data;if((t||t.secret||t.message||t.value)&&!/[^a-zA-Z0-9]/.test(t.secret)){for(var s,r,n,a=l.querySelectorAll('iframe[data-secret="'+t.secret+'"]'),o=l.querySelectorAll('blockquote[data-secret="'+t.secret+'"]'),c=new RegExp("^https?:$","i"),i=0;i<o.length;i++)o[i].style.display="none";for(i=0;i<a.length;i++)s=a[i],e.source===s.contentWindow&&(s.removeAttribute("style"),"height"===t.message?(1e3<(r=parseInt(t.value,10))?r=1e3:~~r<200&&(r=200),s.height=r):"link"===t.message&&(r=new URL(s.getAttribute("src")),n=new URL(t.value),c.test(n.protocol))&&n.host===r.host&&l.activeElement===s&&(d.top.location.href=t.value))}},d.addEventListener("message",d.wp.receiveEmbedMessage,!1),l.addEventListener("DOMContentLoaded",function(){for(var e,t,s=l.querySelectorAll("iframe.wp-embedded-content"),r=0;r<s.length;r++)(t=(e=s[r]).getAttribute("data-secret"))||(t=Math.random().toString(36).substring(2,12),e.src+="#?secret="+t,e.setAttribute("data-secret",t)),e.contentWindow.postMessage({message:"ready",secret:t},"*")},!1)))}(window,document);
//# sourceURL=https://www.infocentro.gob.ve/wp-includes/js/wp-embed.min.js
/* ]]> */
</script>

Prensa Infocentro Mérida / Anyela Rojas.- En un mundo cada vez más digital, la necesidad de contar con una presencia en línea efectiva se ha convertido en una prioridad para negocios y emprendedores. Con el objetivo de capacitar a los facilitadores y facilitadoras de la Fundación Infocentro Mérida hemos retomado el programa de formación en creación de páginas web, dictado por el Profesor Genairo Román instructor del Inces Mérida. Está formación ha sido diseñada para proporcionar a los participantes las herramientas y conocimientos necesarios para desarrollar y gestionar sus propias páginas web, sin necesidad de tener experiencia previa en programación. Las clases abarcarán desde los conceptos básicos del diseño web Java script, html y css, código en programación para páginas web. Además de aprender a diseñar y estructurar una página web atractiva y funcional. Utilizar herramientas y recursos para optimizar la visibilidad en buscadores (SEO). Integrar elementos multimedia y redes sociales para mejorar la interacción con los usuarios. Gestionar el contenido y mantener actualizada su página web. En dicha formación participa el personal del eje metropolitano de la Fundación Infocentro Mérida, se realiza todos los jueves en la sede del Inces los curos, parroquia Osuna Rodríguez del municipio libertador, continuamos fortaleciendo la formación académica de nuestro personal, rumbo a la transformación tecnológica.
