{"version":"1.0","provider_name":"Infocentro","provider_url":"https:\/\/www.infocentro.gob.ve","author_name":"Yaneth Fernandez","author_url":"https:\/\/www.infocentro.gob.ve\/index.php\/author\/yaneth-fernandez\/","title":"Formaci\u00f3n en Canva en Infocentro C\u00e9sar Albornoz - Infocentro","type":"rich","width":600,"height":338,"html":"<blockquote class=\"wp-embedded-content\" data-secret=\"tTnW9UCXT2\"><a href=\"https:\/\/www.infocentro.gob.ve\/index.php\/formacion-en-canva-en-infocentro-cesar-albornoz\/\">Formaci\u00f3n en Canva en Infocentro C\u00e9sar Albornoz<\/a><\/blockquote><iframe sandbox=\"allow-scripts\" security=\"restricted\" src=\"https:\/\/www.infocentro.gob.ve\/index.php\/formacion-en-canva-en-infocentro-cesar-albornoz\/embed\/#?secret=tTnW9UCXT2\" width=\"600\" height=\"338\" title=\"\u00abFormaci\u00f3n en Canva en Infocentro C\u00e9sar Albornoz\u00bb \u2014 Infocentro\" data-secret=\"tTnW9UCXT2\" frameborder=\"0\" marginwidth=\"0\" marginheight=\"0\" scrolling=\"no\" class=\"wp-embedded-content\"><\/iframe><script type=\"text\/javascript\">\n\/* <![CDATA[ *\/\n\/*! This file is auto-generated *\/\n!function(d,l){\"use strict\";l.querySelector&&d.addEventListener&&\"undefined\"!=typeof URL&&(d.wp=d.wp||{},d.wp.receiveEmbedMessage||(d.wp.receiveEmbedMessage=function(e){var t=e.data;if((t||t.secret||t.message||t.value)&&!\/[^a-zA-Z0-9]\/.test(t.secret)){for(var s,r,n,a=l.querySelectorAll('iframe[data-secret=\"'+t.secret+'\"]'),o=l.querySelectorAll('blockquote[data-secret=\"'+t.secret+'\"]'),c=new RegExp(\"^https?:$\",\"i\"),i=0;i<o.length;i++)o[i].style.display=\"none\";for(i=0;i<a.length;i++)s=a[i],e.source===s.contentWindow&&(s.removeAttribute(\"style\"),\"height\"===t.message?(1e3<(r=parseInt(t.value,10))?r=1e3:~~r<200&&(r=200),s.height=r):\"link\"===t.message&&(r=new URL(s.getAttribute(\"src\")),n=new URL(t.value),c.test(n.protocol))&&n.host===r.host&&l.activeElement===s&&(d.top.location.href=t.value))}},d.addEventListener(\"message\",d.wp.receiveEmbedMessage,!1),l.addEventListener(\"DOMContentLoaded\",function(){for(var e,t,s=l.querySelectorAll(\"iframe.wp-embedded-content\"),r=0;r<s.length;r++)(t=(e=s[r]).getAttribute(\"data-secret\"))||(t=Math.random().toString(36).substring(2,12),e.src+=\"#?secret=\"+t,e.setAttribute(\"data-secret\",t)),e.contentWindow.postMessage({message:\"ready\",secret:t},\"*\")},!1)))}(window,document);\n\/\/# sourceURL=https:\/\/www.infocentro.gob.ve\/wp-includes\/js\/wp-embed.min.js\n\/* ]]> *\/\n<\/script>\n","thumbnail_url":"https:\/\/www.infocentro.gob.ve\/wp-content\/uploads\/2025\/10\/1000568469.jpg","thumbnail_width":960,"thumbnail_height":1100,"description":"Prensa Infocentro M\u00e9rida \/ Wualter Guillen.- Desde los espacios del Infocentro C\u00e9sar Albornoz (MER13) se abord\u00f3 desde la interfaz gr\u00e1fica de la plataforma de \u00abCanva\u00bb hasta t\u00e9cnicas avanzadas de creaci\u00f3n de contenido multimedia, incluyendo el dise\u00f1o de curr\u00edculums, infograf\u00edas, posts para redes y edici\u00f3n de video simple. El objetivo de esta iniciativa es dotar a la juventud de herramientas visuales y habilidades de comunicaci\u00f3n digital esenciales en el mercado laboral y el emprendimiento actual, permiti\u00e9ndoles transformar ideas en contenido atractivo para redes sociales, presentaciones o material educativo, de forma r\u00e1pida y profesional, sin necesidad de conocimientos previos de dise\u00f1o complejo. En un mundo cada vez m\u00e1s visual, donde el contenido digital es rey, la capacidad de dise\u00f1ar de manera efectiva se ha convertido en una habilidad crucial. Este programa est\u00e1 dise\u00f1ado para ser totalmente pr\u00e1ctico, culminando con un proyecto donde cada joven aplicar\u00e1 lo aprendido para desarrollar su propia marca o un proyecto social, utilizando la Suite Visual de Canva. J\u00f3venes dise\u00f1adores visuales buscando dotar a la pr\u00f3xima generaci\u00f3n de creadores de las herramientas y el conocimiento necesarios para expresarse, comunicar sus ideas e incluso iniciar proyectos de emprendimiento a trav\u00e9s de una creatividad visual de alto impacto."}

Formación en Canva en Infocentro César Albornoz - Infocentro

<blockquote class="wp-embedded-content" data-secret="tTnW9UCXT2"><a href="https://www.infocentro.gob.ve/index.php/formacion-en-canva-en-infocentro-cesar-albornoz/">Formación en Canva en Infocentro César Albornoz</a></blockquote><iframe sandbox="allow-scripts" security="restricted" src="https://www.infocentro.gob.ve/index.php/formacion-en-canva-en-infocentro-cesar-albornoz/embed/#?secret=tTnW9UCXT2" width="600" height="338" title="«Formación en Canva en Infocentro César Albornoz» — Infocentro" data-secret="tTnW9UCXT2" frameborder="0" marginwidth="0" marginheight="0" scrolling="no" class="wp-embedded-content"></iframe><script type="text/javascript">
/* <![CDATA[ */
/*! This file is auto-generated */
!function(d,l){"use strict";l.querySelector&&d.addEventListener&&"undefined"!=typeof URL&&(d.wp=d.wp||{},d.wp.receiveEmbedMessage||(d.wp.receiveEmbedMessage=function(e){var t=e.data;if((t||t.secret||t.message||t.value)&&!/[^a-zA-Z0-9]/.test(t.secret)){for(var s,r,n,a=l.querySelectorAll('iframe[data-secret="'+t.secret+'"]'),o=l.querySelectorAll('blockquote[data-secret="'+t.secret+'"]'),c=new RegExp("^https?:$","i"),i=0;i<o.length;i++)o[i].style.display="none";for(i=0;i<a.length;i++)s=a[i],e.source===s.contentWindow&&(s.removeAttribute("style"),"height"===t.message?(1e3<(r=parseInt(t.value,10))?r=1e3:~~r<200&&(r=200),s.height=r):"link"===t.message&&(r=new URL(s.getAttribute("src")),n=new URL(t.value),c.test(n.protocol))&&n.host===r.host&&l.activeElement===s&&(d.top.location.href=t.value))}},d.addEventListener("message",d.wp.receiveEmbedMessage,!1),l.addEventListener("DOMContentLoaded",function(){for(var e,t,s=l.querySelectorAll("iframe.wp-embedded-content"),r=0;r<s.length;r++)(t=(e=s[r]).getAttribute("data-secret"))||(t=Math.random().toString(36).substring(2,12),e.src+="#?secret="+t,e.setAttribute("data-secret",t)),e.contentWindow.postMessage({message:"ready",secret:t},"*")},!1)))}(window,document);
//# sourceURL=https://www.infocentro.gob.ve/wp-includes/js/wp-embed.min.js
/* ]]> */
</script>

Prensa Infocentro Mérida / Wualter Guillen.- Desde los espacios del Infocentro César Albornoz (MER13) se abordó desde la interfaz gráfica de la plataforma de «Canva» hasta técnicas avanzadas de creación de contenido multimedia, incluyendo el diseño de currículums, infografías, posts para redes y edición de video simple. El objetivo de esta iniciativa es dotar a la juventud de herramientas visuales y habilidades de comunicación digital esenciales en el mercado laboral y el emprendimiento actual, permitiéndoles transformar ideas en contenido atractivo para redes sociales, presentaciones o material educativo, de forma rápida y profesional, sin necesidad de conocimientos previos de diseño complejo. En un mundo cada vez más visual, donde el contenido digital es rey, la capacidad de diseñar de manera efectiva se ha convertido en una habilidad crucial. Este programa está diseñado para ser totalmente práctico, culminando con un proyecto donde cada joven aplicará lo aprendido para desarrollar su propia marca o un proyecto social, utilizando la Suite Visual de Canva. Jóvenes diseñadores visuales buscando dotar a la próxima generación de creadores de las herramientas y el conocimiento necesarios para expresarse, comunicar sus ideas e incluso iniciar proyectos de emprendimiento a través de una creatividad visual de alto impacto.
