{"version":"1.0","provider_name":"Infocentro","provider_url":"https:\/\/www.infocentro.gob.ve","author_name":"Osmar Ruiz","author_url":"https:\/\/www.infocentro.gob.ve\/index.php\/author\/osmar-ruiz\/","title":"Expoferia Oportunidades de Estudio 2023 en M\u00e9rida - Infocentro","type":"rich","width":600,"height":338,"html":"<blockquote class=\"wp-embedded-content\" data-secret=\"atLKgSra1I\"><a href=\"https:\/\/www.infocentro.gob.ve\/index.php\/expoferia-oportunidades-de-estudio-2023-en-merida\/\">Expoferia Oportunidades de Estudio 2023 en M\u00e9rida<\/a><\/blockquote><iframe sandbox=\"allow-scripts\" security=\"restricted\" src=\"https:\/\/www.infocentro.gob.ve\/index.php\/expoferia-oportunidades-de-estudio-2023-en-merida\/embed\/#?secret=atLKgSra1I\" width=\"600\" height=\"338\" title=\"\u00abExpoferia Oportunidades de Estudio 2023 en M\u00e9rida\u00bb \u2014 Infocentro\" data-secret=\"atLKgSra1I\" frameborder=\"0\" marginwidth=\"0\" marginheight=\"0\" scrolling=\"no\" class=\"wp-embedded-content\"><\/iframe><script type=\"text\/javascript\">\n\/* <![CDATA[ *\/\n\/*! This file is auto-generated *\/\n!function(d,l){\"use strict\";l.querySelector&&d.addEventListener&&\"undefined\"!=typeof URL&&(d.wp=d.wp||{},d.wp.receiveEmbedMessage||(d.wp.receiveEmbedMessage=function(e){var t=e.data;if((t||t.secret||t.message||t.value)&&!\/[^a-zA-Z0-9]\/.test(t.secret)){for(var s,r,n,a=l.querySelectorAll('iframe[data-secret=\"'+t.secret+'\"]'),o=l.querySelectorAll('blockquote[data-secret=\"'+t.secret+'\"]'),c=new RegExp(\"^https?:$\",\"i\"),i=0;i<o.length;i++)o[i].style.display=\"none\";for(i=0;i<a.length;i++)s=a[i],e.source===s.contentWindow&&(s.removeAttribute(\"style\"),\"height\"===t.message?(1e3<(r=parseInt(t.value,10))?r=1e3:~~r<200&&(r=200),s.height=r):\"link\"===t.message&&(r=new URL(s.getAttribute(\"src\")),n=new URL(t.value),c.test(n.protocol))&&n.host===r.host&&l.activeElement===s&&(d.top.location.href=t.value))}},d.addEventListener(\"message\",d.wp.receiveEmbedMessage,!1),l.addEventListener(\"DOMContentLoaded\",function(){for(var e,t,s=l.querySelectorAll(\"iframe.wp-embedded-content\"),r=0;r<s.length;r++)(t=(e=s[r]).getAttribute(\"data-secret\"))||(t=Math.random().toString(36).substring(2,12),e.src+=\"#?secret=\"+t,e.setAttribute(\"data-secret\",t)),e.contentWindow.postMessage({message:\"ready\",secret:t},\"*\")},!1)))}(window,document);\n\/\/# sourceURL=https:\/\/www.infocentro.gob.ve\/wp-includes\/js\/wp-embed.min.js\n\/* ]]> *\/\n<\/script>\n","thumbnail_url":"https:\/\/www.infocentro.gob.ve\/wp-content\/uploads\/2023\/06\/Qwer.jpg","thumbnail_width":1030,"thumbnail_height":653,"description":"Prensa Infocentro M\u00e9rida \/ Pedro Araujo.- El pasado viernes 02 de junio, se llev\u00f3 a cabo desde las instalaciones del Sistema Telef\u00e9rico de M\u00e9rida, el Segundo D\u00eda de la Expoferia Oportunidades de Estudio 2023, actividad que se viene llevando a cabo desde la Vicepresidencia para la Ciencia, Tecnolog\u00eda, Educaci\u00f3n y Salud, con el fin de incentivar y promover el acceso al Sistema Educativo Universitario y de esta manera permitir, que los nuevos bachilleres de nuestra rep\u00fablica puedan ingresar a cursar estudios en las universidades de nuestro pa\u00eds. Son m\u00e1s de 1.600 estudiantes, los que han asistido y participado en esta Expoferia 2023, en donde 15 Universidades de nuestro estado se encuentran dando a conocer las carreras que ofrecen estas casas de estudio. Durante esta segunda jornada la actividad cont\u00f3 con la presencia y participaci\u00f3n de la Vicepresidenta sectorial para Ciencia, Tecnolog\u00eda, Educaci\u00f3n y Salud, Gabriela Jim\u00e9nez @gabrielajimenezve, quien pudo compartir con los asistentes a la Expoferia y pudo conocer cu\u00e1les son las universidades presentes, as\u00ed como las oportunidades de estudio que ofrecen a todos estos j\u00f3venes que en los pr\u00f3ximos meses egresaran de sus centros educativos como bachilleres de nuestra rep\u00fablica. La ministra a su vez recalc\u00f3 que actualmente hay m\u00e1s de 2 mil carreras ofertadas en todo el pa\u00eds pero M\u00e9rida en particular est\u00e1 priorizando las carreras en las \u00e1reas de la salud, la educaci\u00f3n, ingenier\u00eda, agronom\u00eda, entre otras \u00e1reas de la ciencia. https:\/\/youtu.be\/-ki0-WCfg-8"}

Expoferia Oportunidades de Estudio 2023 en Mérida - Infocentro

<blockquote class="wp-embedded-content" data-secret="atLKgSra1I"><a href="https://www.infocentro.gob.ve/index.php/expoferia-oportunidades-de-estudio-2023-en-merida/">Expoferia Oportunidades de Estudio 2023 en Mérida</a></blockquote><iframe sandbox="allow-scripts" security="restricted" src="https://www.infocentro.gob.ve/index.php/expoferia-oportunidades-de-estudio-2023-en-merida/embed/#?secret=atLKgSra1I" width="600" height="338" title="«Expoferia Oportunidades de Estudio 2023 en Mérida» — Infocentro" data-secret="atLKgSra1I" frameborder="0" marginwidth="0" marginheight="0" scrolling="no" class="wp-embedded-content"></iframe><script type="text/javascript">
/* <![CDATA[ */
/*! This file is auto-generated */
!function(d,l){"use strict";l.querySelector&&d.addEventListener&&"undefined"!=typeof URL&&(d.wp=d.wp||{},d.wp.receiveEmbedMessage||(d.wp.receiveEmbedMessage=function(e){var t=e.data;if((t||t.secret||t.message||t.value)&&!/[^a-zA-Z0-9]/.test(t.secret)){for(var s,r,n,a=l.querySelectorAll('iframe[data-secret="'+t.secret+'"]'),o=l.querySelectorAll('blockquote[data-secret="'+t.secret+'"]'),c=new RegExp("^https?:$","i"),i=0;i<o.length;i++)o[i].style.display="none";for(i=0;i<a.length;i++)s=a[i],e.source===s.contentWindow&&(s.removeAttribute("style"),"height"===t.message?(1e3<(r=parseInt(t.value,10))?r=1e3:~~r<200&&(r=200),s.height=r):"link"===t.message&&(r=new URL(s.getAttribute("src")),n=new URL(t.value),c.test(n.protocol))&&n.host===r.host&&l.activeElement===s&&(d.top.location.href=t.value))}},d.addEventListener("message",d.wp.receiveEmbedMessage,!1),l.addEventListener("DOMContentLoaded",function(){for(var e,t,s=l.querySelectorAll("iframe.wp-embedded-content"),r=0;r<s.length;r++)(t=(e=s[r]).getAttribute("data-secret"))||(t=Math.random().toString(36).substring(2,12),e.src+="#?secret="+t,e.setAttribute("data-secret",t)),e.contentWindow.postMessage({message:"ready",secret:t},"*")},!1)))}(window,document);
//# sourceURL=https://www.infocentro.gob.ve/wp-includes/js/wp-embed.min.js
/* ]]> */
</script>

Prensa Infocentro Mérida / Pedro Araujo.- El pasado viernes 02 de junio, se llevó a cabo desde las instalaciones del Sistema Teleférico de Mérida, el Segundo Día de la Expoferia Oportunidades de Estudio 2023, actividad que se viene llevando a cabo desde la Vicepresidencia para la Ciencia, Tecnología, Educación y Salud, con el fin de incentivar y promover el acceso al Sistema Educativo Universitario y de esta manera permitir, que los nuevos bachilleres de nuestra república puedan ingresar a cursar estudios en las universidades de nuestro país. Son más de 1.600 estudiantes, los que han asistido y participado en esta Expoferia 2023, en donde 15 Universidades de nuestro estado se encuentran dando a conocer las carreras que ofrecen estas casas de estudio. Durante esta segunda jornada la actividad contó con la presencia y participación de la Vicepresidenta sectorial para Ciencia, Tecnología, Educación y Salud, Gabriela Jiménez @gabrielajimenezve, quien pudo compartir con los asistentes a la Expoferia y pudo conocer cuáles son las universidades presentes, así como las oportunidades de estudio que ofrecen a todos estos jóvenes que en los próximos meses egresaran de sus centros educativos como bachilleres de nuestra república. La ministra a su vez recalcó que actualmente hay más de 2 mil carreras ofertadas en todo el país pero Mérida en particular está priorizando las carreras en las áreas de la salud, la educación, ingeniería, agronomía, entre otras áreas de la ciencia. https://youtu.be/-ki0-WCfg-8
