{"version":"1.0","provider_name":"Infocentro","provider_url":"https:\/\/www.infocentro.gob.ve","author_name":"Osmar Ruiz","author_url":"https:\/\/www.infocentro.gob.ve\/index.php\/author\/osmar-ruiz\/","title":"Europa quiere controlar la innovaci\u00f3n de la IA - Infocentro","type":"rich","width":600,"height":338,"html":"<blockquote class=\"wp-embedded-content\" data-secret=\"2Cr9evomv1\"><a href=\"https:\/\/www.infocentro.gob.ve\/index.php\/europa-quiere-controlar-la-innovacion-de-la-ia\/\">Europa quiere controlar la innovaci\u00f3n de la IA<\/a><\/blockquote><iframe sandbox=\"allow-scripts\" security=\"restricted\" src=\"https:\/\/www.infocentro.gob.ve\/index.php\/europa-quiere-controlar-la-innovacion-de-la-ia\/embed\/#?secret=2Cr9evomv1\" width=\"600\" height=\"338\" title=\"\u00abEuropa quiere controlar la innovaci\u00f3n de la IA\u00bb \u2014 Infocentro\" data-secret=\"2Cr9evomv1\" frameborder=\"0\" marginwidth=\"0\" marginheight=\"0\" scrolling=\"no\" class=\"wp-embedded-content\"><\/iframe><script type=\"text\/javascript\">\n\/* <![CDATA[ *\/\n\/*! This file is auto-generated *\/\n!function(d,l){\"use strict\";l.querySelector&&d.addEventListener&&\"undefined\"!=typeof URL&&(d.wp=d.wp||{},d.wp.receiveEmbedMessage||(d.wp.receiveEmbedMessage=function(e){var t=e.data;if((t||t.secret||t.message||t.value)&&!\/[^a-zA-Z0-9]\/.test(t.secret)){for(var s,r,n,a=l.querySelectorAll('iframe[data-secret=\"'+t.secret+'\"]'),o=l.querySelectorAll('blockquote[data-secret=\"'+t.secret+'\"]'),c=new RegExp(\"^https?:$\",\"i\"),i=0;i<o.length;i++)o[i].style.display=\"none\";for(i=0;i<a.length;i++)s=a[i],e.source===s.contentWindow&&(s.removeAttribute(\"style\"),\"height\"===t.message?(1e3<(r=parseInt(t.value,10))?r=1e3:~~r<200&&(r=200),s.height=r):\"link\"===t.message&&(r=new URL(s.getAttribute(\"src\")),n=new URL(t.value),c.test(n.protocol))&&n.host===r.host&&l.activeElement===s&&(d.top.location.href=t.value))}},d.addEventListener(\"message\",d.wp.receiveEmbedMessage,!1),l.addEventListener(\"DOMContentLoaded\",function(){for(var e,t,s=l.querySelectorAll(\"iframe.wp-embedded-content\"),r=0;r<s.length;r++)(t=(e=s[r]).getAttribute(\"data-secret\"))||(t=Math.random().toString(36).substring(2,12),e.src+=\"#?secret=\"+t,e.setAttribute(\"data-secret\",t)),e.contentWindow.postMessage({message:\"ready\",secret:t},\"*\")},!1)))}(window,document);\n\/\/# sourceURL=https:\/\/www.infocentro.gob.ve\/wp-includes\/js\/wp-embed.min.js\n\/* ]]> *\/\n<\/script>\n","thumbnail_url":"https:\/\/www.infocentro.gob.ve\/wp-content\/uploads\/2023\/05\/que-es-inteligencia-artificial.jpg","thumbnail_width":1300,"thumbnail_height":830,"description":"Lasexta.com.- Para la Uni\u00f3n Europea, hay riesgos que son \u00abinaceptables\u00bb: como por ejemplo, que la inteligencia artificial utilice t\u00e9cnicas para manipularnos, que use el reconocimiento facial en tiempo real para beneficio privado o que se aproveche de las vulnerabilidades de los individuos: \u00abEl aspecto, la raza, etnias, religi\u00f3n&#8230; opiniones pol\u00edticas etc\u00bb, explica \u00d3scar Corcho, catedr\u00e1tico en Inteligencia Artificial de la Universidad Polit\u00e9cnica de Madrid. Tampoco podr\u00eda decidir qui\u00e9n tiene o no acceso a servicios p\u00fablicos&#8230; \u00aba que colegio pueden ir tus hijos, o a que instituto o universidad pueden ir, m\u00e1s all\u00e1 de lo que ahora mismo estamos utilizando que es suficientemente objetivo en general\u00bb, a\u00f1ade \u00d3scar. Por eso, desde la Uni\u00f3n Europea, quieren que sean los seres humanos, y solo los seres humanos, los que supervisen las decisiones tomadas por la inteligencia artificial: \u00abLo importante es saberlas gestionar bien, saber hasta qu\u00e9 punto podemos utilizarlas, cuando se deber\u00edan utilizar y en qu\u00e9 modo.\u00bb Las decisiones que tome una IA estar\u00e1n divididas en tres niveles: riesgo alto, medio o bajo en funci\u00f3n de c\u00f3mo afecta al d\u00eda a d\u00eda de la poblaci\u00f3n. \u00d3scar, especifica: \u00abNo cambiar\u00e1 excesivas cosas pero si pondr\u00e1 m\u00e1s orden en aspectos relacionados con la apropiaci\u00f3n y privacidad de datos.\u00bb Todas estas directrices tienen que aprobarse en junio en el Parlamento Europeo. Aunque admiten que est\u00e1n teniendo mucha dificultad para ponerse de acuerdo, porque incluso quienes la estudian y entrenan desconocen c\u00f3mo toman alguna de las decisiones, por qu\u00e9 contestan a algunas cosas. \u00abPor tanto, de cara a lo que aplicaci\u00f3n que esta nueva regulaci\u00f3n est\u00e1 proponiendo, van a ser muy dif\u00edciles de denominar\u00bb, aclara el experto."}

Europa quiere controlar la innovación de la IA - Infocentro

<blockquote class="wp-embedded-content" data-secret="2Cr9evomv1"><a href="https://www.infocentro.gob.ve/index.php/europa-quiere-controlar-la-innovacion-de-la-ia/">Europa quiere controlar la innovación de la IA</a></blockquote><iframe sandbox="allow-scripts" security="restricted" src="https://www.infocentro.gob.ve/index.php/europa-quiere-controlar-la-innovacion-de-la-ia/embed/#?secret=2Cr9evomv1" width="600" height="338" title="«Europa quiere controlar la innovación de la IA» — Infocentro" data-secret="2Cr9evomv1" frameborder="0" marginwidth="0" marginheight="0" scrolling="no" class="wp-embedded-content"></iframe><script type="text/javascript">
/* <![CDATA[ */
/*! This file is auto-generated */
!function(d,l){"use strict";l.querySelector&&d.addEventListener&&"undefined"!=typeof URL&&(d.wp=d.wp||{},d.wp.receiveEmbedMessage||(d.wp.receiveEmbedMessage=function(e){var t=e.data;if((t||t.secret||t.message||t.value)&&!/[^a-zA-Z0-9]/.test(t.secret)){for(var s,r,n,a=l.querySelectorAll('iframe[data-secret="'+t.secret+'"]'),o=l.querySelectorAll('blockquote[data-secret="'+t.secret+'"]'),c=new RegExp("^https?:$","i"),i=0;i<o.length;i++)o[i].style.display="none";for(i=0;i<a.length;i++)s=a[i],e.source===s.contentWindow&&(s.removeAttribute("style"),"height"===t.message?(1e3<(r=parseInt(t.value,10))?r=1e3:~~r<200&&(r=200),s.height=r):"link"===t.message&&(r=new URL(s.getAttribute("src")),n=new URL(t.value),c.test(n.protocol))&&n.host===r.host&&l.activeElement===s&&(d.top.location.href=t.value))}},d.addEventListener("message",d.wp.receiveEmbedMessage,!1),l.addEventListener("DOMContentLoaded",function(){for(var e,t,s=l.querySelectorAll("iframe.wp-embedded-content"),r=0;r<s.length;r++)(t=(e=s[r]).getAttribute("data-secret"))||(t=Math.random().toString(36).substring(2,12),e.src+="#?secret="+t,e.setAttribute("data-secret",t)),e.contentWindow.postMessage({message:"ready",secret:t},"*")},!1)))}(window,document);
//# sourceURL=https://www.infocentro.gob.ve/wp-includes/js/wp-embed.min.js
/* ]]> */
</script>

Lasexta.com.- Para la Unión Europea, hay riesgos que son «inaceptables»: como por ejemplo, que la inteligencia artificial utilice técnicas para manipularnos, que use el reconocimiento facial en tiempo real para beneficio privado o que se aproveche de las vulnerabilidades de los individuos: «El aspecto, la raza, etnias, religión&#8230; opiniones políticas etc», explica Óscar Corcho, catedrático en Inteligencia Artificial de la Universidad Politécnica de Madrid. Tampoco podría decidir quién tiene o no acceso a servicios públicos&#8230; «a que colegio pueden ir tus hijos, o a que instituto o universidad pueden ir, más allá de lo que ahora mismo estamos utilizando que es suficientemente objetivo en general», añade Óscar. Por eso, desde la Unión Europea, quieren que sean los seres humanos, y solo los seres humanos, los que supervisen las decisiones tomadas por la inteligencia artificial: «Lo importante es saberlas gestionar bien, saber hasta qué punto podemos utilizarlas, cuando se deberían utilizar y en qué modo.» Las decisiones que tome una IA estarán divididas en tres niveles: riesgo alto, medio o bajo en función de cómo afecta al día a día de la población. Óscar, especifica: «No cambiará excesivas cosas pero si pondrá más orden en aspectos relacionados con la apropiación y privacidad de datos.» Todas estas directrices tienen que aprobarse en junio en el Parlamento Europeo. Aunque admiten que están teniendo mucha dificultad para ponerse de acuerdo, porque incluso quienes la estudian y entrenan desconocen cómo toman alguna de las decisiones, por qué contestan a algunas cosas. «Por tanto, de cara a lo que aplicación que esta nueva regulación está proponiendo, van a ser muy difíciles de denominar», aclara el experto.
