{"version":"1.0","provider_name":"Infocentro","provider_url":"https:\/\/www.infocentro.gob.ve","author_name":"Osmar Ruiz","author_url":"https:\/\/www.infocentro.gob.ve\/index.php\/author\/osmar-ruiz\/","title":"En Yaracuy: Infocentro de Yumare, luce nuevo rostro - Infocentro","type":"rich","width":600,"height":338,"html":"<blockquote class=\"wp-embedded-content\" data-secret=\"F1tz0kbBol\"><a href=\"https:\/\/www.infocentro.gob.ve\/index.php\/en-yaracuy-infocentro-de-yumare-luce-nuevo-rostro\/\">En Yaracuy: Infocentro de Yumare, luce nuevo rostro<\/a><\/blockquote><iframe sandbox=\"allow-scripts\" security=\"restricted\" src=\"https:\/\/www.infocentro.gob.ve\/index.php\/en-yaracuy-infocentro-de-yumare-luce-nuevo-rostro\/embed\/#?secret=F1tz0kbBol\" width=\"600\" height=\"338\" title=\"\u00abEn Yaracuy: Infocentro de Yumare, luce nuevo rostro\u00bb \u2014 Infocentro\" data-secret=\"F1tz0kbBol\" frameborder=\"0\" marginwidth=\"0\" marginheight=\"0\" scrolling=\"no\" class=\"wp-embedded-content\"><\/iframe><script type=\"text\/javascript\">\n\/* <![CDATA[ *\/\n\/*! This file is auto-generated *\/\n!function(d,l){\"use strict\";l.querySelector&&d.addEventListener&&\"undefined\"!=typeof URL&&(d.wp=d.wp||{},d.wp.receiveEmbedMessage||(d.wp.receiveEmbedMessage=function(e){var t=e.data;if((t||t.secret||t.message||t.value)&&!\/[^a-zA-Z0-9]\/.test(t.secret)){for(var s,r,n,a=l.querySelectorAll('iframe[data-secret=\"'+t.secret+'\"]'),o=l.querySelectorAll('blockquote[data-secret=\"'+t.secret+'\"]'),c=new RegExp(\"^https?:$\",\"i\"),i=0;i<o.length;i++)o[i].style.display=\"none\";for(i=0;i<a.length;i++)s=a[i],e.source===s.contentWindow&&(s.removeAttribute(\"style\"),\"height\"===t.message?(1e3<(r=parseInt(t.value,10))?r=1e3:~~r<200&&(r=200),s.height=r):\"link\"===t.message&&(r=new URL(s.getAttribute(\"src\")),n=new URL(t.value),c.test(n.protocol))&&n.host===r.host&&l.activeElement===s&&(d.top.location.href=t.value))}},d.addEventListener(\"message\",d.wp.receiveEmbedMessage,!1),l.addEventListener(\"DOMContentLoaded\",function(){for(var e,t,s=l.querySelectorAll(\"iframe.wp-embedded-content\"),r=0;r<s.length;r++)(t=(e=s[r]).getAttribute(\"data-secret\"))||(t=Math.random().toString(36).substring(2,12),e.src+=\"#?secret=\"+t,e.setAttribute(\"data-secret\",t)),e.contentWindow.postMessage({message:\"ready\",secret:t},\"*\")},!1)))}(window,document);\n\/\/# sourceURL=https:\/\/www.infocentro.gob.ve\/wp-includes\/js\/wp-embed.min.js\n\/* ]]> *\/\n<\/script>\n","thumbnail_url":"https:\/\/www.infocentro.gob.ve\/wp-content\/uploads\/2023\/08\/WhatsApp-Image-2023-08-14-at-8.49.51-AM-2.jpeg","thumbnail_width":1000,"thumbnail_height":500,"description":"Prensa Infocentro Yaracuy.- A un mes de cumplir once a\u00f1os, el Infocentro de Yumare qued\u00f3 totalmente rehabilitado, este domingo pasado culminaron las jornadas de readecuaci\u00f3n f\u00edsica y tecnol\u00f3gica de este importante espacio sociotecnol\u00f3gico \u00fanico en el municipio Manuel Monge, todo comenz\u00f3 con la colocaci\u00f3n del internet, servicio que fue contratado por la alcald\u00eda a una empresa privada, seguidamente se intervino la infraestructura que pas\u00f3 por la colocaci\u00f3n de baldosas, sustituci\u00f3n de aire acondicionado, pintura a paredes, techo, rejas y puertas, sustituci\u00f3n de luminarias y finalmente la sustituci\u00f3n de equipos tecnol\u00f3gicos, estos trabajos fueron realizados por personal de la alcald\u00eda, poder popular, juventud del Partido Socialista Unido de Venezuela y personal de la Fundaci\u00f3n Infocentro en el estado Yaracuy. El alcalde Johan Quero agradeci\u00f3 al presidente Nicol\u00e1s Maduro, a la ministra Gabriela Jim\u00e9nez y al gobernador Julio Le\u00f3n Heredia, en su intervenci\u00f3n a medios locales. \u201cEs realmente una bendici\u00f3n recibir los materiales necesarios para la modernizaci\u00f3n del Infocentro, en abril pasado asumimos el compromiso de colocar la conectividad a este espacio y en menos de tres meses vemos cristalizado lo que nos planteamos en ese primer momento, este infocentro es el \u00fanico en mi jurisdicci\u00f3n, es un espacio necesario y de vital importancia puesto que la tecnolog\u00eda nos a llevado a la digitalizaci\u00f3n de muchos procesos que requieren espacios con gratuidad en el servicio y uso del internet para la colectividad\u201d. Por su parte Walter Freites, facilitador de este infocentro resalt\u00f3 los procesos que ahora se desarrollaran \u201cVen\u00edamos trabajando a media m\u00e1quina, ya solo nos funcionaban cuatro equipos, ahora tenemos un gran reto por delante y es llevar, transferir, compartir, socializar el conocimiento TIC con nuestra gente, con el poder popular, con las instituciones que hacen vida en el municipio, los estudiantes, amas de casa, transportistas, todos esos procesos que se desarrollan en l\u00ednea y que para los habitantes de este municipio representaba un dolor de cabeza, se soluciona ahora con la rehabilitaci\u00f3n de este, nuestro Infocentro\u201d. Irany Mel\u00e9ndez que tambi\u00e9n es facilitadora de este espacio no se qued\u00f3 atr\u00e1s y dijo: \u201cTengo un grupo de abuelos a los cuales ahora tendr\u00e1n la herramienta completa, hab\u00edamos avanzado con la formaci\u00f3n en el \u00e1rea de ofim\u00e1tica, pero ahora ellos aprender\u00e1n el uso de las redes sociales, que bastante hab\u00edan solicitado, con ellos tenemos planteado crear una brigada comunicacional, que resalte sus saberes, todo ese c\u00famulo de experiencias propias de nuestros libros vivientes ser\u00e1n digitalizadas para que nuestra generaci\u00f3n de relevo conozca; realmente me siento muy emocionada y agradecida con quienes han hecho el esfuerzo de colocar una vez m\u00e1s este espacio como nuevo\u201d. Con la remodelaci\u00f3n de este infocentro ya suman once los rehabilitados en Yaracuy, se espera que en unos d\u00edas, tambi\u00e9n est\u00e9 listo el de 24 de Julio en el municipio Independencia y F\u00e9lix Pifano en el municipio San Felipe."}

Prensa Infocentro Yaracuy.- A un mes de cumplir once años, el Infocentro de Yumare quedó totalmente rehabilitado, este domingo pasado culminaron las jornadas de readecuación física y tecnológica de este importante espacio sociotecnológico único en el municipio Manuel Monge, todo comenzó con la colocación del internet, servicio que fue contratado por la alcaldía a una empresa privada, seguidamente se intervino la infraestructura que pasó por la colocación de baldosas, sustitución de aire acondicionado, pintura a paredes, techo, rejas y puertas, sustitución de luminarias y finalmente la sustitución de equipos tecnológicos, estos trabajos fueron realizados por personal de la alcaldía, poder popular, juventud del Partido Socialista Unido de Venezuela y personal de la Fundación Infocentro en el estado Yaracuy. El alcalde Johan Quero agradeció al presidente Nicolás Maduro, a la ministra Gabriela Jiménez y al gobernador Julio León Heredia, en su intervención a medios locales. “Es realmente una bendición recibir los materiales necesarios para la modernización del Infocentro, en abril pasado asumimos el compromiso de colocar la conectividad a este espacio y en menos de tres meses vemos cristalizado lo que nos planteamos en ese primer momento, este infocentro es el único en mi jurisdicción, es un espacio necesario y de vital importancia puesto que la tecnología nos a llevado a la digitalización de muchos procesos que requieren espacios con gratuidad en el servicio y uso del internet para la colectividad”. Por su parte Walter Freites, facilitador de este infocentro resaltó los procesos que ahora se desarrollaran “Veníamos trabajando a media máquina, ya solo nos funcionaban cuatro equipos, ahora tenemos un gran reto por delante y es llevar, transferir, compartir, socializar el conocimiento TIC con nuestra gente, con el poder popular, con las instituciones que hacen vida en el municipio, los estudiantes, amas de casa, transportistas, todos esos procesos que se desarrollan en línea y que para los habitantes de este municipio representaba un dolor de cabeza, se soluciona ahora con la rehabilitación de este, nuestro Infocentro”. Irany Meléndez que también es facilitadora de este espacio no se quedó atrás y dijo: “Tengo un grupo de abuelos a los cuales ahora tendrán la herramienta completa, habíamos avanzado con la formación en el área de ofimática, pero ahora ellos aprenderán el uso de las redes sociales, que bastante habían solicitado, con ellos tenemos planteado crear una brigada comunicacional, que resalte sus saberes, todo ese cúmulo de experiencias propias de nuestros libros vivientes serán digitalizadas para que nuestra generación de relevo conozca; realmente me siento muy emocionada y agradecida con quienes han hecho el esfuerzo de colocar una vez más este espacio como nuevo”. Con la remodelación de este infocentro ya suman once los rehabilitados en Yaracuy, se espera que en unos días, también esté listo el de 24 de Julio en el municipio Independencia y Félix Pifano en el municipio San Felipe.
