{"version":"1.0","provider_name":"Infocentro","provider_url":"https:\/\/www.infocentro.gob.ve","author_name":"Osmar Ruiz","author_url":"https:\/\/www.infocentro.gob.ve\/index.php\/author\/osmar-ruiz\/","title":"D\u00eda Mundial contra el C\u00e1ncer de Mama - Infocentro","type":"rich","width":600,"height":338,"html":"<blockquote class=\"wp-embedded-content\" data-secret=\"CCJqajzu1I\"><a href=\"https:\/\/www.infocentro.gob.ve\/index.php\/dia-mundial-contra-el-cancer-de-mama\/\">D\u00eda Mundial contra el C\u00e1ncer de Mama<\/a><\/blockquote><iframe sandbox=\"allow-scripts\" security=\"restricted\" src=\"https:\/\/www.infocentro.gob.ve\/index.php\/dia-mundial-contra-el-cancer-de-mama\/embed\/#?secret=CCJqajzu1I\" width=\"600\" height=\"338\" title=\"\u00abD\u00eda Mundial contra el C\u00e1ncer de Mama\u00bb \u2014 Infocentro\" data-secret=\"CCJqajzu1I\" frameborder=\"0\" marginwidth=\"0\" marginheight=\"0\" scrolling=\"no\" class=\"wp-embedded-content\"><\/iframe><script type=\"text\/javascript\">\n\/* <![CDATA[ *\/\n\/*! This file is auto-generated *\/\n!function(d,l){\"use strict\";l.querySelector&&d.addEventListener&&\"undefined\"!=typeof URL&&(d.wp=d.wp||{},d.wp.receiveEmbedMessage||(d.wp.receiveEmbedMessage=function(e){var t=e.data;if((t||t.secret||t.message||t.value)&&!\/[^a-zA-Z0-9]\/.test(t.secret)){for(var s,r,n,a=l.querySelectorAll('iframe[data-secret=\"'+t.secret+'\"]'),o=l.querySelectorAll('blockquote[data-secret=\"'+t.secret+'\"]'),c=new RegExp(\"^https?:$\",\"i\"),i=0;i<o.length;i++)o[i].style.display=\"none\";for(i=0;i<a.length;i++)s=a[i],e.source===s.contentWindow&&(s.removeAttribute(\"style\"),\"height\"===t.message?(1e3<(r=parseInt(t.value,10))?r=1e3:~~r<200&&(r=200),s.height=r):\"link\"===t.message&&(r=new URL(s.getAttribute(\"src\")),n=new URL(t.value),c.test(n.protocol))&&n.host===r.host&&l.activeElement===s&&(d.top.location.href=t.value))}},d.addEventListener(\"message\",d.wp.receiveEmbedMessage,!1),l.addEventListener(\"DOMContentLoaded\",function(){for(var e,t,s=l.querySelectorAll(\"iframe.wp-embedded-content\"),r=0;r<s.length;r++)(t=(e=s[r]).getAttribute(\"data-secret\"))||(t=Math.random().toString(36).substring(2,12),e.src+=\"#?secret=\"+t,e.setAttribute(\"data-secret\",t)),e.contentWindow.postMessage({message:\"ready\",secret:t},\"*\")},!1)))}(window,document);\n\/\/# sourceURL=https:\/\/www.infocentro.gob.ve\/wp-includes\/js\/wp-embed.min.js\n\/* ]]> *\/\n<\/script>\n","thumbnail_url":"https:\/\/www.infocentro.gob.ve\/wp-content\/uploads\/2023\/10\/mes-cancer-mama.jpg","thumbnail_width":1024,"thumbnail_height":683,"description":"Prensa Mincyt \/ Ghiccelle Chac\u00edn.- Cada 19 de octubre se conmemora el D\u00eda Mundial Contra el C\u00e1ncer de Mama, una fecha establecida por la Organizaci\u00f3n Mundial de la Salud (OMS), con el objetivo de sensibilizar y concientizar a las mujeres sobre la importancia de realizarse un diagn\u00f3stico temprano, as\u00ed como incrementar el acceso a los controles y tratamientos oportunos para esta patolog\u00eda. El c\u00e1ncer de mama es una de las mayores causas de muerte en la poblaci\u00f3n femenina a nivel mundial. De acuerdo a las estad\u00edsticas, representa el 16 por ciento de todos los c\u00e1nceres en pacientes femeninos. La OMS estima que en Am\u00e9rica Latina y el Caribe, el porcentaje de mujeres afectadas antes de los 50 a\u00f1os es de 32 por ciento, mientras que Estados Unidos m\u00e1s de 462 mil mujeres son diagnosticadas con este tipo de c\u00e1ncer, y casi 100 mil mueren por esta causa. Por tal raz\u00f3n, los especialistas de todo el mundo recomiendan que las mujeres efect\u00faen ex\u00e1menes de autoexploraci\u00f3n de la mama (AEM) de forma regular, a partir de los 20 a\u00f1os, para detectar la enfermedad en una etapa temprana y que reciban tratamientos \u00f3ptimos que les permitan mejores resultados. Asimismo, exhortan a realizarse mamograf\u00edas una vez al a\u00f1o, a partir de los 35 a\u00f1os de edad, en aras de realizar un diagn\u00f3stico oportuno. Otra recomendaci\u00f3n es mantener una alimentaci\u00f3n saludable, combinada con la actividad f\u00edsica, el control del consumo de alcohol, el sobrepeso y la obesidad, para reducir la incidencia de c\u00e1ncer de mama a largo plazo. El c\u00e1ncer de mama se produce cuando alguna c\u00e9lula sufre mutaciones a nivel som\u00e1tico y comienza a dividirse sin control, formando un tumor que progresivamente invade tejidos vecinos, hasta propagarse a otras partes del cuerpo. Este tipo de c\u00e1ncer tambi\u00e9n puede afectar a los hombres, quienes tambi\u00e9n poseen tejido mamario, a pesar de no tener las mamas tan desarrolladas. Venezuela en el mes rosa A prop\u00f3sito del D\u00eda Internacional contra el C\u00e1ncer de Mama, la vicepresidenta sectorial de Ciencia, Tecnolog\u00eda y Educaci\u00f3n y Salud, Gabriela Jim\u00e9nez Ram\u00edrez, destac\u00f3 que el reto de este d\u00eda, en todo el mundo, es impulsar el diagn\u00f3stico temprano y continuar promoviendo investigaciones que pongan freno a esta enfermedad. En un audiovisual publicado en su cuenta en la red social X, destac\u00f3 que el Gobierno Bolivariano, a trav\u00e9s del Ministerio del Poder Popular para Ciencia y Tecnolog\u00eda, impulsan proyectos para la detecci\u00f3n temprana y tratamientos, al tiempo que trabaja en el reimpulso para el Programa Nacional de Prevenci\u00f3n y Tratamiento del C\u00e1ncer en Venezuela. https:\/\/twitter.com\/Gabrielasjr\/status\/1714962542919876820 Entre los proyectos liderados por cient\u00edficos venezolanos para el tratamiento de esta enfermedad se encuentran los estudios desarrollados por el Laboratorio de Neurobiolog\u00eda Celular de la Unidad de Neurociencias de la Fundaci\u00f3n Instituto de Estudios Avanzados (IDEA), para comprender el desarrollo de esta patolog\u00eda en la poblaci\u00f3n de mujeres y hombres venezolanos y garantizar alternativas exitosas para su tratamiento. De esta manera, el Gobierno Bolivariano, contin\u00faa brindando protecci\u00f3n integral al pueblo venezolano, de manera gratuita y de calidad."}

Día Mundial contra el Cáncer de Mama - Infocentro

<blockquote class="wp-embedded-content" data-secret="CCJqajzu1I"><a href="https://www.infocentro.gob.ve/index.php/dia-mundial-contra-el-cancer-de-mama/">Día Mundial contra el Cáncer de Mama</a></blockquote><iframe sandbox="allow-scripts" security="restricted" src="https://www.infocentro.gob.ve/index.php/dia-mundial-contra-el-cancer-de-mama/embed/#?secret=CCJqajzu1I" width="600" height="338" title="«Día Mundial contra el Cáncer de Mama» — Infocentro" data-secret="CCJqajzu1I" frameborder="0" marginwidth="0" marginheight="0" scrolling="no" class="wp-embedded-content"></iframe><script type="text/javascript">
/* <![CDATA[ */
/*! This file is auto-generated */
!function(d,l){"use strict";l.querySelector&&d.addEventListener&&"undefined"!=typeof URL&&(d.wp=d.wp||{},d.wp.receiveEmbedMessage||(d.wp.receiveEmbedMessage=function(e){var t=e.data;if((t||t.secret||t.message||t.value)&&!/[^a-zA-Z0-9]/.test(t.secret)){for(var s,r,n,a=l.querySelectorAll('iframe[data-secret="'+t.secret+'"]'),o=l.querySelectorAll('blockquote[data-secret="'+t.secret+'"]'),c=new RegExp("^https?:$","i"),i=0;i<o.length;i++)o[i].style.display="none";for(i=0;i<a.length;i++)s=a[i],e.source===s.contentWindow&&(s.removeAttribute("style"),"height"===t.message?(1e3<(r=parseInt(t.value,10))?r=1e3:~~r<200&&(r=200),s.height=r):"link"===t.message&&(r=new URL(s.getAttribute("src")),n=new URL(t.value),c.test(n.protocol))&&n.host===r.host&&l.activeElement===s&&(d.top.location.href=t.value))}},d.addEventListener("message",d.wp.receiveEmbedMessage,!1),l.addEventListener("DOMContentLoaded",function(){for(var e,t,s=l.querySelectorAll("iframe.wp-embedded-content"),r=0;r<s.length;r++)(t=(e=s[r]).getAttribute("data-secret"))||(t=Math.random().toString(36).substring(2,12),e.src+="#?secret="+t,e.setAttribute("data-secret",t)),e.contentWindow.postMessage({message:"ready",secret:t},"*")},!1)))}(window,document);
//# sourceURL=https://www.infocentro.gob.ve/wp-includes/js/wp-embed.min.js
/* ]]> */
</script>

Prensa Mincyt / Ghiccelle Chacín.- Cada 19 de octubre se conmemora el Día Mundial Contra el Cáncer de Mama, una fecha establecida por la Organización Mundial de la Salud (OMS), con el objetivo de sensibilizar y concientizar a las mujeres sobre la importancia de realizarse un diagnóstico temprano, así como incrementar el acceso a los controles y tratamientos oportunos para esta patología. El cáncer de mama es una de las mayores causas de muerte en la población femenina a nivel mundial. De acuerdo a las estadísticas, representa el 16 por ciento de todos los cánceres en pacientes femeninos. La OMS estima que en América Latina y el Caribe, el porcentaje de mujeres afectadas antes de los 50 años es de 32 por ciento, mientras que Estados Unidos más de 462 mil mujeres son diagnosticadas con este tipo de cáncer, y casi 100 mil mueren por esta causa. Por tal razón, los especialistas de todo el mundo recomiendan que las mujeres efectúen exámenes de autoexploración de la mama (AEM) de forma regular, a partir de los 20 años, para detectar la enfermedad en una etapa temprana y que reciban tratamientos óptimos que les permitan mejores resultados. Asimismo, exhortan a realizarse mamografías una vez al año, a partir de los 35 años de edad, en aras de realizar un diagnóstico oportuno. Otra recomendación es mantener una alimentación saludable, combinada con la actividad física, el control del consumo de alcohol, el sobrepeso y la obesidad, para reducir la incidencia de cáncer de mama a largo plazo. El cáncer de mama se produce cuando alguna célula sufre mutaciones a nivel somático y comienza a dividirse sin control, formando un tumor que progresivamente invade tejidos vecinos, hasta propagarse a otras partes del cuerpo. Este tipo de cáncer también puede afectar a los hombres, quienes también poseen tejido mamario, a pesar de no tener las mamas tan desarrolladas. Venezuela en el mes rosa A propósito del Día Internacional contra el Cáncer de Mama, la vicepresidenta sectorial de Ciencia, Tecnología y Educación y Salud, Gabriela Jiménez Ramírez, destacó que el reto de este día, en todo el mundo, es impulsar el diagnóstico temprano y continuar promoviendo investigaciones que pongan freno a esta enfermedad. En un audiovisual publicado en su cuenta en la red social X, destacó que el Gobierno Bolivariano, a través del Ministerio del Poder Popular para Ciencia y Tecnología, impulsan proyectos para la detección temprana y tratamientos, al tiempo que trabaja en el reimpulso para el Programa Nacional de Prevención y Tratamiento del Cáncer en Venezuela. https://twitter.com/Gabrielasjr/status/1714962542919876820 Entre los proyectos liderados por científicos venezolanos para el tratamiento de esta enfermedad se encuentran los estudios desarrollados por el Laboratorio de Neurobiología Celular de la Unidad de Neurociencias de la Fundación Instituto de Estudios Avanzados (IDEA), para comprender el desarrollo de esta patología en la población de mujeres y hombres venezolanos y garantizar alternativas exitosas para su tratamiento. De esta manera, el Gobierno Bolivariano, continúa brindando protección integral al pueblo venezolano, de manera gratuita y de calidad.
