{"version":"1.0","provider_name":"Infocentro","provider_url":"https:\/\/www.infocentro.gob.ve","author_name":"Osmar Ruiz","author_url":"https:\/\/www.infocentro.gob.ve\/index.php\/author\/osmar-ruiz\/","title":"Conversatorio sobre la controversia del Esequibo en Aragua - Infocentro","type":"rich","width":600,"height":338,"html":"<blockquote class=\"wp-embedded-content\" data-secret=\"AHtSHM8SdU\"><a href=\"https:\/\/www.infocentro.gob.ve\/index.php\/conversatorio-sobre-la-controversia-del-esequibo-en-aragua\/\">Conversatorio sobre la controversia del Esequibo en Aragua<\/a><\/blockquote><iframe sandbox=\"allow-scripts\" security=\"restricted\" src=\"https:\/\/www.infocentro.gob.ve\/index.php\/conversatorio-sobre-la-controversia-del-esequibo-en-aragua\/embed\/#?secret=AHtSHM8SdU\" width=\"600\" height=\"338\" title=\"\u00abConversatorio sobre la controversia del Esequibo en Aragua\u00bb \u2014 Infocentro\" data-secret=\"AHtSHM8SdU\" frameborder=\"0\" marginwidth=\"0\" marginheight=\"0\" scrolling=\"no\" class=\"wp-embedded-content\"><\/iframe><script type=\"text\/javascript\">\n\/* <![CDATA[ *\/\n\/*! This file is auto-generated *\/\n!function(d,l){\"use strict\";l.querySelector&&d.addEventListener&&\"undefined\"!=typeof URL&&(d.wp=d.wp||{},d.wp.receiveEmbedMessage||(d.wp.receiveEmbedMessage=function(e){var t=e.data;if((t||t.secret||t.message||t.value)&&!\/[^a-zA-Z0-9]\/.test(t.secret)){for(var s,r,n,a=l.querySelectorAll('iframe[data-secret=\"'+t.secret+'\"]'),o=l.querySelectorAll('blockquote[data-secret=\"'+t.secret+'\"]'),c=new RegExp(\"^https?:$\",\"i\"),i=0;i<o.length;i++)o[i].style.display=\"none\";for(i=0;i<a.length;i++)s=a[i],e.source===s.contentWindow&&(s.removeAttribute(\"style\"),\"height\"===t.message?(1e3<(r=parseInt(t.value,10))?r=1e3:~~r<200&&(r=200),s.height=r):\"link\"===t.message&&(r=new URL(s.getAttribute(\"src\")),n=new URL(t.value),c.test(n.protocol))&&n.host===r.host&&l.activeElement===s&&(d.top.location.href=t.value))}},d.addEventListener(\"message\",d.wp.receiveEmbedMessage,!1),l.addEventListener(\"DOMContentLoaded\",function(){for(var e,t,s=l.querySelectorAll(\"iframe.wp-embedded-content\"),r=0;r<s.length;r++)(t=(e=s[r]).getAttribute(\"data-secret\"))||(t=Math.random().toString(36).substring(2,12),e.src+=\"#?secret=\"+t,e.setAttribute(\"data-secret\",t)),e.contentWindow.postMessage({message:\"ready\",secret:t},\"*\")},!1)))}(window,document);\n\/\/# sourceURL=https:\/\/www.infocentro.gob.ve\/wp-includes\/js\/wp-embed.min.js\n\/* ]]> *\/\n<\/script>\n","thumbnail_url":"https:\/\/www.infocentro.gob.ve\/wp-content\/uploads\/2023\/11\/A-3.jpg","thumbnail_width":1016,"thumbnail_height":628,"description":"Prensa Infocentro Aragua \/ Germ\u00e1n Mendoza.- Desde las instalaciones del Infocentro Comunal Rurales de Paya, municipio Santiago Mari\u00f1o del estado Aragua, se realiz\u00f3 el conversatorio sobre la controversia del Esequibo. Dicho foro cont\u00f3 con la excelente participaci\u00f3n del Licenciado en Comunicaci\u00f3n Social Yorman Gil como ponente, l\u00edderes de calle de base del poder popular de las comunidades adyacentes al infocentro, efectivos de la Milicia Bolivariana, ni\u00f1os y vecinos del sector. El conversatorio estuvo enmarcado en dos temas principales; la historia del Esequibo para comprender que legal e hist\u00f3ricamente el Esequibo pertenece a Venezuela desde la creaci\u00f3n de la Capitan\u00eda General de Venezuela. Tambi\u00e9n se ley\u00f3 y analiz\u00f3 las 5 preguntas del Referendo Consultivo, el por qu\u00e9 debemos apoyar en la defensa del Territorio Esequibo, y el por qu\u00e9 tenemos que defender nuestra soberan\u00eda. Las primeras dos preguntas son de car\u00e1cter legal, una sobre la l\u00ednea impuesta fraudulentamente por el Laudo Arbitral de Par\u00eds de 1899 y otra sobre el Acuerdo de Ginebra del 17 de febrero de 1966. La tercera es sobre la posici\u00f3n de Venezuela ante la Corte Internacional de Justicia (CIJ). La cuarta pregunta tiene que ver con la extracci\u00f3n ilegal de petr\u00f3leo del Oc\u00e9ano Atl\u00e1ntico y la \u00faltima, y quinta, es sobre la creaci\u00f3n del estado Guayana Esequiba. Es de recordar que el 21 de septiembre la Asamblea Nacional (AN), en Plenaria, aprob\u00f3 por unanimidad convocar el referendo consultivo invocando el art\u00edculo 71 de la Constituci\u00f3n de la Rep\u00fablica, el cual establece que tanto el Poder Ejecutivo como el Legislativo pueden tomar la iniciativa en tal sentido. Todo ello con la finalidad de motivar a la ciudadan\u00eda para asumir una actitud de unidad nacional, sin toldas pol\u00edticas y participar masivamente este 3 de diciembre en el Refrendo Consultivo, por la b\u00fasqueda de una soluci\u00f3n pac\u00edfica c\u00f3mo lo contempla el Acuerdo de Ginebra, por la Paz de todos los venezolanos y venezolanas. De igual manera, la ocasi\u00f3n fue propicia para felicitar y desear un cumplea\u00f1os feliz a la Fundaci\u00f3n Infocentro en su 23\u00b0 aniversario que los cumpli\u00f3 el pasado 2 de noviembre por lo cual, una rica torta se degusto con los participantes."}

Prensa Infocentro Aragua / Germán Mendoza.- Desde las instalaciones del Infocentro Comunal Rurales de Paya, municipio Santiago Mariño del estado Aragua, se realizó el conversatorio sobre la controversia del Esequibo. Dicho foro contó con la excelente participación del Licenciado en Comunicación Social Yorman Gil como ponente, líderes de calle de base del poder popular de las comunidades adyacentes al infocentro, efectivos de la Milicia Bolivariana, niños y vecinos del sector. El conversatorio estuvo enmarcado en dos temas principales; la historia del Esequibo para comprender que legal e históricamente el Esequibo pertenece a Venezuela desde la creación de la Capitanía General de Venezuela. También se leyó y analizó las 5 preguntas del Referendo Consultivo, el por qué debemos apoyar en la defensa del Territorio Esequibo, y el por qué tenemos que defender nuestra soberanía. Las primeras dos preguntas son de carácter legal, una sobre la línea impuesta fraudulentamente por el Laudo Arbitral de París de 1899 y otra sobre el Acuerdo de Ginebra del 17 de febrero de 1966. La tercera es sobre la posición de Venezuela ante la Corte Internacional de Justicia (CIJ). La cuarta pregunta tiene que ver con la extracción ilegal de petróleo del Océano Atlántico y la última, y quinta, es sobre la creación del estado Guayana Esequiba. Es de recordar que el 21 de septiembre la Asamblea Nacional (AN), en Plenaria, aprobó por unanimidad convocar el referendo consultivo invocando el artículo 71 de la Constitución de la República, el cual establece que tanto el Poder Ejecutivo como el Legislativo pueden tomar la iniciativa en tal sentido. Todo ello con la finalidad de motivar a la ciudadanía para asumir una actitud de unidad nacional, sin toldas políticas y participar masivamente este 3 de diciembre en el Refrendo Consultivo, por la búsqueda de una solución pacífica cómo lo contempla el Acuerdo de Ginebra, por la Paz de todos los venezolanos y venezolanas. De igual manera, la ocasión fue propicia para felicitar y desear un cumpleaños feliz a la Fundación Infocentro en su 23° aniversario que los cumplió el pasado 2 de noviembre por lo cual, una rica torta se degusto con los participantes.
