{"version":"1.0","provider_name":"Infocentro","provider_url":"https:\/\/www.infocentro.gob.ve","author_name":"Osmar Ruiz","author_url":"https:\/\/www.infocentro.gob.ve\/index.php\/author\/osmar-ruiz\/","title":"Comuna Barinas Ciclo Bicentenario realiza Memoria y Cuenta - Infocentro","type":"rich","width":600,"height":338,"html":"<blockquote class=\"wp-embedded-content\" data-secret=\"1GrQKrs4U7\"><a href=\"https:\/\/www.infocentro.gob.ve\/index.php\/comuna-barinas-ciclo-bicentenario-realiza-memoria-y-cuenta\/\">Comuna Barinas Ciclo Bicentenario realiza Memoria y Cuenta<\/a><\/blockquote><iframe sandbox=\"allow-scripts\" security=\"restricted\" src=\"https:\/\/www.infocentro.gob.ve\/index.php\/comuna-barinas-ciclo-bicentenario-realiza-memoria-y-cuenta\/embed\/#?secret=1GrQKrs4U7\" width=\"600\" height=\"338\" title=\"\u00abComuna Barinas Ciclo Bicentenario realiza Memoria y Cuenta\u00bb \u2014 Infocentro\" data-secret=\"1GrQKrs4U7\" frameborder=\"0\" marginwidth=\"0\" marginheight=\"0\" scrolling=\"no\" class=\"wp-embedded-content\"><\/iframe><script type=\"text\/javascript\">\n\/* <![CDATA[ *\/\n\/*! This file is auto-generated *\/\n!function(d,l){\"use strict\";l.querySelector&&d.addEventListener&&\"undefined\"!=typeof URL&&(d.wp=d.wp||{},d.wp.receiveEmbedMessage||(d.wp.receiveEmbedMessage=function(e){var t=e.data;if((t||t.secret||t.message||t.value)&&!\/[^a-zA-Z0-9]\/.test(t.secret)){for(var s,r,n,a=l.querySelectorAll('iframe[data-secret=\"'+t.secret+'\"]'),o=l.querySelectorAll('blockquote[data-secret=\"'+t.secret+'\"]'),c=new RegExp(\"^https?:$\",\"i\"),i=0;i<o.length;i++)o[i].style.display=\"none\";for(i=0;i<a.length;i++)s=a[i],e.source===s.contentWindow&&(s.removeAttribute(\"style\"),\"height\"===t.message?(1e3<(r=parseInt(t.value,10))?r=1e3:~~r<200&&(r=200),s.height=r):\"link\"===t.message&&(r=new URL(s.getAttribute(\"src\")),n=new URL(t.value),c.test(n.protocol))&&n.host===r.host&&l.activeElement===s&&(d.top.location.href=t.value))}},d.addEventListener(\"message\",d.wp.receiveEmbedMessage,!1),l.addEventListener(\"DOMContentLoaded\",function(){for(var e,t,s=l.querySelectorAll(\"iframe.wp-embedded-content\"),r=0;r<s.length;r++)(t=(e=s[r]).getAttribute(\"data-secret\"))||(t=Math.random().toString(36).substring(2,12),e.src+=\"#?secret=\"+t,e.setAttribute(\"data-secret\",t)),e.contentWindow.postMessage({message:\"ready\",secret:t},\"*\")},!1)))}(window,document);\n\/\/# sourceURL=https:\/\/www.infocentro.gob.ve\/wp-includes\/js\/wp-embed.min.js\n\/* ]]> *\/\n<\/script>\n","thumbnail_url":"https:\/\/www.infocentro.gob.ve\/wp-content\/uploads\/2025\/10\/aiease_1759508746268.jpg","thumbnail_width":1024,"thumbnail_height":685,"description":"Prensa Infocentro Barinas \/ Gabriel Ferreira.- La Comuna Barinas Ciclo Bicentenario 1810-2010\/1830-2030, junto a la Juventud organizada de la misma comuna, realiz\u00f3 una asamblea de rendici\u00f3n de cuentas desde el Infocentro comunal Mam\u00e1 Chalbaud. En esta asamblea se present\u00f3 de forma detallada la ejecuci\u00f3n del proyecto ganador en la Consulta Popular de la Juventud, enmarcado en el nuevo sistema de gobernanza impulsado por las Siete Transformaciones del Plan de la Patria 2025-2031. Este espacio de deliberaci\u00f3n y toma de decisiones comunitarias refleja el protagonismo juvenil y su compromiso con la autogesti\u00f3n y el Poder Popular en el territorio, reafirmando la alineaci\u00f3n de la comuna con las Siete Transformaciones que marcan la hoja de ruta para el desarrollo integral de Venezuela. Asimismo, agradecemos profundamente al presidente Nicol\u00e1s Maduro por su voluntad y compromiso constante con el pueblo, al querer una vez m\u00e1s en la comunidad, impulsando la construcci\u00f3n de un futuro colectivo sustentado en la democracia participativa y la autogesti\u00f3n local en Barinas\u2026 Comuna o Nada"}

Prensa Infocentro Barinas / Gabriel Ferreira.- La Comuna Barinas Ciclo Bicentenario 1810-2010/1830-2030, junto a la Juventud organizada de la misma comuna, realizó una asamblea de rendición de cuentas desde el Infocentro comunal Mamá Chalbaud. En esta asamblea se presentó de forma detallada la ejecución del proyecto ganador en la Consulta Popular de la Juventud, enmarcado en el nuevo sistema de gobernanza impulsado por las Siete Transformaciones del Plan de la Patria 2025-2031. Este espacio de deliberación y toma de decisiones comunitarias refleja el protagonismo juvenil y su compromiso con la autogestión y el Poder Popular en el territorio, reafirmando la alineación de la comuna con las Siete Transformaciones que marcan la hoja de ruta para el desarrollo integral de Venezuela. Asimismo, agradecemos profundamente al presidente Nicolás Maduro por su voluntad y compromiso constante con el pueblo, al querer una vez más en la comunidad, impulsando la construcción de un futuro colectivo sustentado en la democracia participativa y la autogestión local en Barinas… Comuna o Nada
