{"version":"1.0","provider_name":"Infocentro","provider_url":"https:\/\/www.infocentro.gob.ve","author_name":"Osmar Ruiz","author_url":"https:\/\/www.infocentro.gob.ve\/index.php\/author\/osmar-ruiz\/","title":"Celebrando los Derechos y Formando Ciudadanos - Infocentro","type":"rich","width":600,"height":338,"html":"<blockquote class=\"wp-embedded-content\" data-secret=\"THQdKrq9xz\"><a href=\"https:\/\/www.infocentro.gob.ve\/index.php\/celebrando-los-derechos-y-formando-ciudadanos\/\">Celebrando los Derechos y Formando Ciudadanos<\/a><\/blockquote><iframe sandbox=\"allow-scripts\" security=\"restricted\" src=\"https:\/\/www.infocentro.gob.ve\/index.php\/celebrando-los-derechos-y-formando-ciudadanos\/embed\/#?secret=THQdKrq9xz\" width=\"600\" height=\"338\" title=\"\u00abCelebrando los Derechos y Formando Ciudadanos\u00bb \u2014 Infocentro\" data-secret=\"THQdKrq9xz\" frameborder=\"0\" marginwidth=\"0\" marginheight=\"0\" scrolling=\"no\" class=\"wp-embedded-content\"><\/iframe><script type=\"text\/javascript\">\n\/* <![CDATA[ *\/\n\/*! This file is auto-generated *\/\n!function(d,l){\"use strict\";l.querySelector&&d.addEventListener&&\"undefined\"!=typeof URL&&(d.wp=d.wp||{},d.wp.receiveEmbedMessage||(d.wp.receiveEmbedMessage=function(e){var t=e.data;if((t||t.secret||t.message||t.value)&&!\/[^a-zA-Z0-9]\/.test(t.secret)){for(var s,r,n,a=l.querySelectorAll('iframe[data-secret=\"'+t.secret+'\"]'),o=l.querySelectorAll('blockquote[data-secret=\"'+t.secret+'\"]'),c=new RegExp(\"^https?:$\",\"i\"),i=0;i<o.length;i++)o[i].style.display=\"none\";for(i=0;i<a.length;i++)s=a[i],e.source===s.contentWindow&&(s.removeAttribute(\"style\"),\"height\"===t.message?(1e3<(r=parseInt(t.value,10))?r=1e3:~~r<200&&(r=200),s.height=r):\"link\"===t.message&&(r=new URL(s.getAttribute(\"src\")),n=new URL(t.value),c.test(n.protocol))&&n.host===r.host&&l.activeElement===s&&(d.top.location.href=t.value))}},d.addEventListener(\"message\",d.wp.receiveEmbedMessage,!1),l.addEventListener(\"DOMContentLoaded\",function(){for(var e,t,s=l.querySelectorAll(\"iframe.wp-embedded-content\"),r=0;r<s.length;r++)(t=(e=s[r]).getAttribute(\"data-secret\"))||(t=Math.random().toString(36).substring(2,12),e.src+=\"#?secret=\"+t,e.setAttribute(\"data-secret\",t)),e.contentWindow.postMessage({message:\"ready\",secret:t},\"*\")},!1)))}(window,document);\n\/\/# sourceURL=https:\/\/www.infocentro.gob.ve\/wp-includes\/js\/wp-embed.min.js\n\/* ]]> *\/\n<\/script>\n","thumbnail_url":"https:\/\/www.infocentro.gob.ve\/wp-content\/uploads\/2024\/11\/NP-Taller-DDNNA-Celebrando-los-Derechos-y-Formando-Ciudadanos.jpg","thumbnail_width":1280,"thumbnail_height":591,"description":"Prensa Infocentro Carabobo \/ Carmen Reina.- En el marco de la conmemoraci\u00f3n de la Convenci\u00f3n Internacional de los Derechos del Ni\u00f1o y en el marco del 24\u00ba aniversario de la Fundaci\u00f3n Infocentro, la comunidad educativa de la parroquia Bel\u00e9n, municipio Carlos Arvelo, estado Carabobo, se uni\u00f3 para celebrar los derechos de ni\u00f1as, ni\u00f1os y adolescentes. En esta ocasi\u00f3n, los estudiantes de 6to grado de la Unidad Educativa Carabobo fueron los protagonistas de un taller especial sobre los Deberes y Derechos de Ni\u00f1as, Ni\u00f1os y Adolescentes (DDNNA). La actividad, complementada con una reflexi\u00f3n sobre los valores, busc\u00f3 fortalecer en los j\u00f3venes ciudadanos el conocimiento de sus derechos y la comprensi\u00f3n de sus responsabilidades como miembros de la sociedad. Al reconocer y ejercer sus derechos, los ni\u00f1os y adolescentes se empoderan y construyen una base s\u00f3lida para su desarrollo integral. Al mismo tiempo, al comprender y cumplir con sus deberes, aprenden a vivir en armon\u00eda con los dem\u00e1s y a contribuir al bienestar de su comunidad. Valores como el respeto, la solidaridad y la responsabilidad son fundamentales para una convivencia pac\u00edfica y justa. Las facilitadoras del Infocentro Bel\u00e9n, en alianza con la comunidad educativa, contin\u00faan trabajando incansablemente para promover los derechos de los ni\u00f1os y adolescentes y para fomentar el desarrollo de una ciudadan\u00eda activa y comprometida. Al invertir en la educaci\u00f3n y en el fortalecimiento de valores, estamos construyendo un futuro m\u00e1s justo y equitativo para todos. \u00a1Nuestros ni\u00f1os y adolescentes son el futuro de Venezuela!"}

Prensa Infocentro Carabobo / Carmen Reina.- En el marco de la conmemoración de la Convención Internacional de los Derechos del Niño y en el marco del 24º aniversario de la Fundación Infocentro, la comunidad educativa de la parroquia Belén, municipio Carlos Arvelo, estado Carabobo, se unió para celebrar los derechos de niñas, niños y adolescentes. En esta ocasión, los estudiantes de 6to grado de la Unidad Educativa Carabobo fueron los protagonistas de un taller especial sobre los Deberes y Derechos de Niñas, Niños y Adolescentes (DDNNA). La actividad, complementada con una reflexión sobre los valores, buscó fortalecer en los jóvenes ciudadanos el conocimiento de sus derechos y la comprensión de sus responsabilidades como miembros de la sociedad. Al reconocer y ejercer sus derechos, los niños y adolescentes se empoderan y construyen una base sólida para su desarrollo integral. Al mismo tiempo, al comprender y cumplir con sus deberes, aprenden a vivir en armonía con los demás y a contribuir al bienestar de su comunidad. Valores como el respeto, la solidaridad y la responsabilidad son fundamentales para una convivencia pacífica y justa. Las facilitadoras del Infocentro Belén, en alianza con la comunidad educativa, continúan trabajando incansablemente para promover los derechos de los niños y adolescentes y para fomentar el desarrollo de una ciudadanía activa y comprometida. Al invertir en la educación y en el fortalecimiento de valores, estamos construyendo un futuro más justo y equitativo para todos. ¡Nuestros niños y adolescentes son el futuro de Venezuela!
