{"version":"1.0","provider_name":"Infocentro","provider_url":"https:\/\/www.infocentro.gob.ve","author_name":"Osmar Ruiz","author_url":"https:\/\/www.infocentro.gob.ve\/index.php\/author\/osmar-ruiz\/","title":"13\u00b0 Ecofestival de la Papa Nativa - Infocentro","type":"rich","width":600,"height":338,"html":"<blockquote class=\"wp-embedded-content\" data-secret=\"yPTvW8M0ax\"><a href=\"https:\/\/www.infocentro.gob.ve\/index.php\/13-ecofestival-de-la-papa-nativa\/\">13\u00b0 Ecofestival de la Papa Nativa<\/a><\/blockquote><iframe sandbox=\"allow-scripts\" security=\"restricted\" src=\"https:\/\/www.infocentro.gob.ve\/index.php\/13-ecofestival-de-la-papa-nativa\/embed\/#?secret=yPTvW8M0ax\" width=\"600\" height=\"338\" title=\"\u00ab13\u00b0 Ecofestival de la Papa Nativa\u00bb \u2014 Infocentro\" data-secret=\"yPTvW8M0ax\" frameborder=\"0\" marginwidth=\"0\" marginheight=\"0\" scrolling=\"no\" class=\"wp-embedded-content\"><\/iframe><script type=\"text\/javascript\">\n\/* <![CDATA[ *\/\n\/*! This file is auto-generated *\/\n!function(d,l){\"use strict\";l.querySelector&&d.addEventListener&&\"undefined\"!=typeof URL&&(d.wp=d.wp||{},d.wp.receiveEmbedMessage||(d.wp.receiveEmbedMessage=function(e){var t=e.data;if((t||t.secret||t.message||t.value)&&!\/[^a-zA-Z0-9]\/.test(t.secret)){for(var s,r,n,a=l.querySelectorAll('iframe[data-secret=\"'+t.secret+'\"]'),o=l.querySelectorAll('blockquote[data-secret=\"'+t.secret+'\"]'),c=new RegExp(\"^https?:$\",\"i\"),i=0;i<o.length;i++)o[i].style.display=\"none\";for(i=0;i<a.length;i++)s=a[i],e.source===s.contentWindow&&(s.removeAttribute(\"style\"),\"height\"===t.message?(1e3<(r=parseInt(t.value,10))?r=1e3:~~r<200&&(r=200),s.height=r):\"link\"===t.message&&(r=new URL(s.getAttribute(\"src\")),n=new URL(t.value),c.test(n.protocol))&&n.host===r.host&&l.activeElement===s&&(d.top.location.href=t.value))}},d.addEventListener(\"message\",d.wp.receiveEmbedMessage,!1),l.addEventListener(\"DOMContentLoaded\",function(){for(var e,t,s=l.querySelectorAll(\"iframe.wp-embedded-content\"),r=0;r<s.length;r++)(t=(e=s[r]).getAttribute(\"data-secret\"))||(t=Math.random().toString(36).substring(2,12),e.src+=\"#?secret=\"+t,e.setAttribute(\"data-secret\",t)),e.contentWindow.postMessage({message:\"ready\",secret:t},\"*\")},!1)))}(window,document);\n\/\/# sourceURL=https:\/\/www.infocentro.gob.ve\/wp-includes\/js\/wp-embed.min.js\n\/* ]]> *\/\n<\/script>\n","thumbnail_url":"https:\/\/www.infocentro.gob.ve\/wp-content\/uploads\/2024\/12\/photo_5125333385584160005_y.jpg","thumbnail_width":1280,"thumbnail_height":961,"description":"Prensa Infocentro M\u00e9rida \/ Anyela Rojas.- Durante trece a\u00f1os de manera consecutiva se ha llevado a cabo el Ecofestival de la Papa Nativa en la comunidad de Gavidia, del estado Bolivariano de M\u00e9rida. A 3.500 metros sobre el nivel del mar se lleva este maravilloso encuentro de saberes, espacio que se ha consolidado para compartir e intercambiar las pr\u00e1cticas productivas, agroecol\u00f3gicas, as\u00ed como cient\u00edficas de la regi\u00f3n. La feria, que se realiza en la Escuela Jos\u00e9 Nicomedes Castillo, contribuye a la conservaci\u00f3n, multiplicaci\u00f3n y diversificaci\u00f3n de las semillas de papas nativas y otros rubros aut\u00f3ctonos de los Andes venezolanos. Productores, investigadores, estudiantes y j\u00f3venes del p\u00e1ramo promueven el rescate y conservaci\u00f3n de las semillas aut\u00f3ctonas, aportando a la soberan\u00eda alimentaria y continuar impulsando el desarrollo de la Patria. Este a\u00f1o la Fundaci\u00f3n Infocentro M\u00e9rida participo con un stand de rob\u00f3tica educativa, dando a conocer el Plan semillero cient\u00edfico, impulsado desde el Ministerio del Poder Popular para la ciencia y la tecnolog\u00eda, as\u00ed mismo contamos con autoridades en representaci\u00f3n del Mincyt como la viceminista Danmarys Hern\u00e1ndez."}

Prensa Infocentro Mérida / Anyela Rojas.- Durante trece años de manera consecutiva se ha llevado a cabo el Ecofestival de la Papa Nativa en la comunidad de Gavidia, del estado Bolivariano de Mérida. A 3.500 metros sobre el nivel del mar se lleva este maravilloso encuentro de saberes, espacio que se ha consolidado para compartir e intercambiar las prácticas productivas, agroecológicas, así como científicas de la región. La feria, que se realiza en la Escuela José Nicomedes Castillo, contribuye a la conservación, multiplicación y diversificación de las semillas de papas nativas y otros rubros autóctonos de los Andes venezolanos. Productores, investigadores, estudiantes y jóvenes del páramo promueven el rescate y conservación de las semillas autóctonas, aportando a la soberanía alimentaria y continuar impulsando el desarrollo de la Patria. Este año la Fundación Infocentro Mérida participo con un stand de robótica educativa, dando a conocer el Plan semillero científico, impulsado desde el Ministerio del Poder Popular para la ciencia y la tecnología, así mismo contamos con autoridades en representación del Mincyt como la viceminista Danmarys Hernández.
